MONTHLY CLIMATOLOGICAL SUMMARY FOR 11/2023 HEAT COOL MEAN DEG DEG WIND SPEED DOM MEAN MEAN DAY TEMP HIGH TIME LOW TIME DAYS DAYS RAIN AVG HI TIME DIR BAROM HUM --------------------------------------------------------------------------------------- 1 46.0 54.0 3:57pm 37.0 12:00am 18 0 0.22 0 6 2:12pm NW 30.01 89 2 54.0 59.8 11:37am 48.3 1:26am 10 0 0.82 1 16 1:57pm NW 29.85 95 3 52.3 58.0 2:48pm 45.6 9:01am 13 0 0.19 0 8 9:20pm NW 30.01 92 4 55.6 60.4 1:01pm 49.6 11:58pm 9 0 0.86 0 11 12:06pm NW 29.74 97 5 50.6 60.6 12:31pm 44.8 5:21am 14 0 0.20 0 5 10:06am NW 29.74 93 6 49.3 51.6 1:50pm 46.8 4:58am 29 0 0.69 0 11 11:38pm NW 29.53 97 7 48.8 53.8 12:24pm 41.9 11:45pm 16 0 0.10 1 18 11:37am SSE 30.02 90 8 44.2 55.3 2:59pm 35.8 11:54pm 20 0 0.00 0 5 10:54am SSE 30.35 87 9 41.2 48.2 1:23pm 33.2 3:28am 42 0 0.08 0 12 10:24am SSE 30.05 93 10 45.5 50.4 2:28pm 40.5 6:36am 19 0 0.11 0 10 11:49pm SSE 30.04 94 11 50.0 56.1 4:35am 45.2 10:18pm 33 0 0.54 3 21 6:23am SSE 29.89 87 12 48.0 54.9 1:03pm 44.1 1:14am 16 0 0.18 0 12 6:23pm SSE 29.84 88 13 45.4 53.4 3:45pm 35.5 11:12pm 19 0 0.14 0 8 12:31pm SSE 29.99 90 14 37.1 50.1 3:50pm 30.5 7:38am 44 0 0.00 0 5 1:06pm SSE 30.01 89 15 37.5 47.2 3:39pm 31.8 12:00am 27 0 0.00 0 4 8:30am SSE 29.93 94 16 36.0 50.1 3:24pm 29.1 7:45am 28 0 0.00 0 4 10:52am SSE 30.06 91 17 38.7 54.9 2:39pm 29.8 7:47am 26 0 0.00 0 1 1:33am SSE 29.98 89 18 44.1 56.3 2:30pm 33.9 6:56am 45 0 0.27 0 15 11:59pm SSE 29.68 86 19 46.2 50.3 2:29pm 40.9 11:53pm 18 0 0.02 3 19 12:53am S 30.19 86 20 42.1 54.5 2:38pm 34.5 8:01am 22 0 0.00 0 5 1:51pm S 30.40 86 21 46.9 56.7 2:24pm 38.6 5:54am 39 0 0.04 0 8 7:32pm S 30.19 81 22 44.3 48.3 1:16pm 35.1 11:37pm 19 0 0.16 0 9 12:54pm S 30.31 93 23 37.6 45.9 3:19pm 31.0 11:49pm 26 0 0.00 0 8 8:58am S 30.36 92 24 34.3 48.9 3:07pm 27.9 7:07am 28 0 0.01 0 4 2:57pm S 30.34 89 25 33.0 48.4 3:30pm 26.2 7:19am 58 0 0.00 0 3 1:56pm S 30.32 88 26 34.4 49.2 3:02pm 26.5 7:44am 27 0 0.00 0 1 6:57am SW 30.21 90 27 34.8 47.7 2:59pm 29.0 7:40am 56 0 0.00 0 5 12:50pm SW 30.16 91 28 33.4 44.2 3:23pm 27.2 7:25am 83 0 0.00 0 5 2:12pm WSW 30.14 90 29 32.6 38.0 2:19pm 27.0 6:42am 114 0 0.00 0 3 2:21pm WSW 30.07 92 30 38.2 45.7 1:14pm 32.7 1:14am 23 0 0.12 0 7 10:46am WSW 29.82 86 --------------------------------------------------------------------------------------- TOT 42.8 60.6 11/5/23 26.2 11/25/23 938 0 4.75 0 21 11/11/23 N 30.04 90 HEAT BASE: 65.0 COOL BASE: 65.0