MONTHLY CLIMATOLOGICAL SUMMARY FOR 4/2022 HEAT COOL MEAN DEG DEG WIND SPEED DOM MEAN MEAN DAY TEMP HIGH TIME LOW TIME DAYS DAYS RAIN AVG HI TIME DIR BAROM HUM --------------------------------------------------------------------------------------- 1 46.0 53.8 3:24pm 37.5 7:32am 19 0 0.04 2 13 12:17pm S 30.07 81 2 47.2 54.9 5:04pm 41.4 11:38pm 17 0 0.00 3 15 3:57pm S 30.15 78 3 47.7 53.7 2:35pm 41.1 12:52am 17 0 0.03 3 19 1:53pm S 29.88 79 4 43.8 48.1 1:19am 38.6 11:52pm 21 0 0.79 6 30 1:41pm S 29.59 85 5 43.5 52.2 3:37pm 37.9 1:26am 20 0 0.00 5 19 7:46am S 30.23 77 6 48.1 62.4 5:37pm 31.6 6:56am 16 0 0.00 2 10 1:08pm ENE 30.38 63 7 60.5 78.4 5:04pm 44.8 7:35am 7 3 0.00 1 10 12:41pm ENE 30.12 48 8 48.6 60.1 12:19am 43.0 11:39pm 15 0 0.24 5 27 2:58pm SW 30.14 78 9 41.5 48.6 12:47pm 35.9 11:56pm 22 0 0.27 3 20 1:17pm S 30.22 81 10 38.4 42.5 2:39pm 35.1 10:55pm 27 0 0.28 3 14 5:29am S 29.92 92 11 40.5 49.3 2:17pm 35.6 12:04am 24 0 0.00 3 22 4:17pm N 29.57 82 12 39.4 45.6 2:52pm 32.7 11:53pm 25 0 0.07 3 23 3:16pm N 29.89 81 13 37.5 47.4 2:49pm 30.7 1:46am 27 0 0.00 2 14 2:08pm N 29.93 79 14 38.0 47.8 4:11pm 31.4 12:01am 25 0 0.01 2 13 6:05pm N 29.89 84 15 41.6 52.4 5:12pm 35.1 2:47am 23 0 0.00 1 11 12:01pm N 30.02 77 16 39.3 46.7 12:55pm 31.6 3:02am 24 0 0.10 3 17 1:09pm N 29.92 82 17 46.0 59.6 4:47pm 33.5 6:59am 19 0 0.00 2 13 6:06pm SSE 30.14 64 18 48.1 54.2 10:36am 40.8 11:28pm 16 0 0.20 2 26 6:47pm S 29.70 74 19 45.0 55.3 6:18pm 39.4 11:59pm 19 0 0.12 2 9 3:27pm SSE 29.80 81 20 45.2 53.3 6:10pm 33.6 6:54am 19 0 0.00 2 16 12:05pm ENE 29.66 76 21 47.1 55.5 2:54pm 42.1 6:46am 17 0 0.23 3 17 3:24pm SW 29.72 82 22 47.6 59.9 5:34pm 37.8 4:17am 16 0 0.00 2 10 1:28pm NE 30.05 83 23 50.9 61.8 5:19pm 43.0 11:46pm 13 0 0.00 2 11 3:38pm NNW 30.26 75 24 52.3 67.9 5:03pm 37.0 6:43am 12 0 0.00 2 14 3:52pm E 30.09 69 25 48.3 53.3 4:05pm 44.6 10:43pm 16 0 0.25 1 11 4:36pm ENE 30.02 90 26 43.8 48.5 5:16pm 38.4 11:25pm 21 0 0.36 2 19 12:13pm SSE 30.03 91 27 44.5 53.8 4:24pm 37.7 4:52am 20 0 0.03 1 12 5:59pm SSE 30.06 85 28 46.5 55.7 4:26pm 38.6 6:04am 18 0 0.02 2 12 4:09pm ENE 30.00 80 29 50.7 61.0 5:55pm 43.0 2:27am 14 0 0.10 1 11 4:09pm SSE 30.08 76 30 51.7 58.5 4:22pm 46.7 5:09am 13 0 0.33 1 12 2:18pm S 29.92 84 --------------------------------------------------------------------------------------- TOT 45.6 78.4 4/7/22 30.7 4/13/22 559 3 3.47 2 30 4/4/22 S 29.98 79 HEAT BASE: 65.0 COOL BASE: 65.0