MONTHLY CLIMATOLOGICAL SUMMARY FOR 12/2020 HEAT COOL MEAN DEG DEG WIND SPEED DOM MEAN MEAN DAY TEMP HIGH TIME LOW TIME DAYS DAYS RAIN AVG HI TIME DIR BAROM HUM --------------------------------------------------------------------------------------- 1 38.3 50.8 2:55pm 31.5 7:10am 23 0 0.00 1 10 11:49pm S 30.49 88 2 49.7 59.0 2:37pm 38.5 12:00am 15 0 0.00 1 20 8:23am ENE 30.18 43 3 44.2 50.4 1:35pm 38.2 8:38am 20 0 0.00 1 6 3:25pm S 30.25 71 4 40.3 57.0 3:27pm 31.9 7:01am 25 0 0.00 0 5 3:04pm SE 30.36 86 5 48.7 58.7 12:45pm 35.5 12:00am 15 0 0.00 2 16 4:57am ENE 30.05 58 6 46.9 54.0 3:34pm 42.2 11:33pm 17 0 0.05 1 6 3:09pm ENE 30.35 84 7 46.2 53.0 1:49pm 40.8 12:59am 19 0 0.00 0 8 11:05pm N 30.24 90 8 49.0 51.4 1:21pm 46.6 11:55pm 15 0 1.00 1 8 5:40pm N 30.10 96 9 45.2 48.0 12:35pm 38.0 11:57pm 18 0 0.33 1 8 6:10am S 30.24 97 10 37.9 44.0 1:19pm 34.3 4:30am 26 0 0.05 1 12 1:26pm S 30.02 97 11 38.4 45.1 12:43pm 30.9 11:30pm 25 0 0.05 1 6 2:22pm ENE 30.03 93 12 35.9 46.2 2:44pm 28.3 6:14am 29 0 0.00 1 9 8:10pm ENE 30.09 87 13 40.0 43.2 12:49am 37.9 10:08am 23 0 0.17 1 14 1:24am E 29.93 86 14 42.4 48.8 2:41pm 38.2 7:20pm 21 0 0.10 1 8 12:34pm S 30.17 92 15 43.4 46.4 11:32pm 40.2 2:44am 19 0 0.34 2 10 3:56pm S 30.01 92 16 45.1 49.7 9:13pm 42.7 7:57am 20 0 0.46 1 20 9:20pm S 29.80 93 17 45.0 47.2 2:32pm 42.2 6:36am 20 0 0.20 3 17 3:41am S 29.87 89 18 45.5 51.9 5:56pm 41.8 4:13am 18 0 0.26 1 17 10:27pm S 30.05 89 19 46.1 52.7 11:59pm 43.7 8:31am 18 0 0.37 2 20 2:33am S 30.06 91 20 49.3 53.2 2:26am 43.7 7:53pm 15 0 0.04 2 12 12:55am S 30.05 92 21 45.2 60.4 12:30pm 33.6 8:39pm 19 0 1.07 2 23 4:14pm S 29.70 92 22 36.9 43.2 1:56pm 31.7 11:47pm 26 0 0.02 1 7 12:50pm ENE 30.23 94 23 33.8 46.0 2:56pm 29.6 6:21am 30 0 0.00 1 6 2:58pm E 30.40 93 24 36.7 44.4 1:01pm 28.0 8:40am 28 0 0.01 1 15 9:50pm ENE 30.08 81 25 43.6 48.6 12:51pm 39.3 4:34pm 20 0 0.26 2 15 5:22pm ENE 29.72 66 26 43.0 47.3 3:28pm 38.8 3:23am 22 0 0.09 2 12 3:13pm S 29.90 89 27 42.9 49.5 2:50pm 37.9 11:59pm 21 0 0.06 1 9 6:59pm ENE 30.01 83 28 35.1 46.4 2:52pm 29.0 8:11am 29 0 0.00 0 5 12:00pm ESE 30.06 89 29 33.8 40.0 6:05pm 28.0 5:20am 27 0 0.14 0 7 6:16pm ESE 30.20 95 30 41.2 48.2 7:45pm 37.8 5:49am 23 0 0.59 2 12 7:41pm E 29.86 94 31 45.9 49.0 1:13pm 42.9 10:55pm 19 0 0.22 2 12 6:24am S 29.97 94 --------------------------------------------------------------------------------------- TOT 42.4 60.4 12/21/20 28.0 12/24/20 664 0 5.89 1 23 12/21/20 S 30.08 87 HEAT BASE: 65.0 COOL BASE: 65.0