MONTHLY CLIMATOLOGICAL SUMMARY FOR 9/2019 HEAT COOL MEAN DEG DEG WIND SPEED DOM MEAN MEAN DAY TEMP HIGH TIME LOW TIME DAYS DAYS RAIN AVG HI TIME DIR BAROM HUM --------------------------------------------------------------------------------------- 1 68.0 77.3 3:45pm 60.6 11:59pm 1 4 0.00 1 9 2:32pm WSW 29.93 77 2 65.4 78.4 5:19pm 54.5 7:05am 3 4 0.00 1 9 1:31pm NNW 29.98 80 3 66.3 79.0 5:15pm 54.2 7:13am 3 4 0.00 1 10 3:46pm W 29.96 77 4 65.7 75.6 4:49pm 58.3 11:59pm 2 2 0.00 1 9 3:04pm NNW 29.99 80 5 65.3 83.8 5:04pm 51.3 7:08am 4 4 0.00 0 7 5:21pm SW 29.92 80 6 67.0 79.8 4:35pm 58.8 7:06am 1 3 0.00 1 10 5:36pm SW 30.00 82 7 63.4 66.2 3:07pm 60.2 11:42pm 2 0 0.27 0 9 7:54pm S 29.95 87 8 62.2 70.5 4:06pm 57.2 5:48am 3 1 0.02 0 14 5:16pm WSW 29.85 87 9 60.3 67.9 4:16pm 56.8 11:48pm 5 0 0.57 0 15 5:04pm SW 29.81 92 10 61.2 71.9 6:07pm 54.5 11:57pm 4 1 0.03 0 8 3:54pm NW 29.89 87 11 61.3 72.8 4:04pm 51.8 3:13am 5 2 0.00 0 8 4:40pm W 30.08 82 12 62.8 81.2 3:47pm 50.9 6:07am 5 3 0.30 0 11 3:51pm SW 30.05 79 13 61.8 69.1 4:29pm 56.6 5:46am 3 0 0.06 0 19 4:48pm S 30.06 90 14 61.2 65.2 2:43pm 57.7 4:48am 4 0 0.04 0 6 11:28am SW 29.91 90 15 58.2 60.7 3:35pm 54.6 10:54pm 6 0 0.59 0 8 1:33pm W 29.70 95 16 55.9 62.9 1:20pm 51.2 7:39am 8 0 0.08 0 6 9:24am WSW 29.77 93 17 56.4 65.3 4:31pm 52.1 2:45am 8 0 0.64 0 11 6:07pm S 29.71 91 18 56.9 63.6 2:56pm 51.6 11:58pm 8 0 0.04 0 6 11:44am NNW 29.81 92 19 57.8 66.4 3:01pm 49.3 1:31am 7 0 0.02 0 7 1:18pm NNW 30.00 88 20 59.0 65.2 5:00pm 54.3 11:23pm 5 0 0.02 0 6 1:29am SW 30.04 90 21 59.6 68.3 5:24pm 52.8 1:32am 5 0 0.00 0 11 3:41pm W 30.04 86 22 60.1 63.2 12:26pm 57.4 6:53am 5 0 0.25 0 7 7:13pm S 29.84 93 23 57.7 60.5 11:14am 53.1 7:38am 7 0 0.06 0 11 10:58am S 30.11 87 24 62.3 68.5 4:52pm 57.9 12:00am 3 0 0.00 1 13 11:36am S 30.17 81 25 59.1 68.2 3:54pm 52.3 7:46am 6 0 0.00 1 8 4:10pm NNW 30.17 80 26 60.9 65.6 2:59pm 55.9 12:00am 4 0 0.26 1 13 6:44am S 29.90 86 27 54.5 60.5 3:22pm 45.7 11:32pm 9 0 0.07 3 22 2:38pm SW 29.84 80 28 48.1 55.6 2:55pm 44.4 6:05am 15 0 0.11 1 11 12:23pm NNW 29.79 88 29 48.4 55.2 3:32pm 43.1 4:17am 16 0 0.01 1 12 2:27pm N 29.87 72 30 48.2 58.5 4:46pm 37.9 7:28am 16 0 0.00 1 11 11:17am ENE 30.04 66 --------------------------------------------------------------------------------------- TOT 59.9 83.8 9/5/19 37.9 9/30/19 174 30 3.44 0 22 9/27/19 SW 29.94 85 HEAT BASE: 65.0 COOL BASE: 65.0