MONTHLY CLIMATOLOGICAL SUMMARY FOR 2/2019 HEAT COOL MEAN DEG DEG WIND SPEED DOM MEAN MEAN DAY TEMP HIGH TIME LOW TIME DAYS DAYS RAIN AVG HI TIME DIR BAROM HUM --------------------------------------------------------------------------------------- 1 45.9 50.2 1:49pm 42.5 5:06am 18 0 0.75 0 10 2:46pm SW 29.58 93 2 44.6 49.2 3:20pm 41.2 11:42pm 19 0 0.01 0 7 4:47pm SW 29.53 93 3 37.4 41.3 12:00am 32.3 11:54pm 25 0 0.07 1 11 1:32pm S 29.36 91 4 26.3 32.3 12:00am 20.0 11:16pm 36 0 0.00 3 12 7:53am N 29.56 94 5 23.9 32.3 2:33pm 16.5 8:06am 39 0 0.03 0 5 12:16pm ENE 29.89 90 6 24.5 37.2 3:31pm 15.5 7:13am 41 0 0.02 0 5 12:53pm SW 30.23 88 7 27.3 39.1 2:36pm 17.5 7:06am 34 0 0.04 0 4 2:39pm NW 30.29 87 8 31.0 36.4 12:15pm 27.8 11:54pm 33 0 0.01 0 8 11:52pm NNW 29.94 92 9 30.1 35.5 1:49pm 22.4 11:58pm 34 0 0.01 1 17 9:29am ENE 29.65 76 10 26.9 37.3 7:01pm 15.2 7:33am 37 0 0.01 1 14 7:21pm S 29.72 86 11 31.8 34.4 1:23am 29.9 7:29am 33 0 0.58 0 10 12:12am ENE 29.68 94 12 33.0 33.9 6:56pm 31.0 12:04am 31 0 0.86 0 2 11:16pm NE 29.67 96 13 34.6 39.0 2:17pm 29.8 11:55pm 28 0 0.46 0 6 5:24pm NW 29.57 97 14 38.5 45.5 12:48pm 29.8 12:00am 23 0 0.09 1 15 5:01am ENE 29.21 79 15 39.3 48.0 3:59pm 34.2 11:49pm 24 0 0.03 1 13 11:39am ENE 29.55 85 16 36.5 41.0 3:12pm 33.6 1:47am 28 0 0.18 0 8 4:32pm SW 29.79 95 17 34.2 40.4 2:14pm 29.7 11:52pm 28 0 0.00 0 7 1:48pm NNW 30.12 94 18 35.2 42.2 3:09pm 29.2 12:32am 28 0 0.04 0 3 11:09am N 30.33 92 19 37.3 39.1 7:27pm 35.0 12:00am 25 0 0.30 0 8 6:43pm S 30.06 96 20 35.3 39.9 4:38pm 30.7 11:55pm 28 0 0.23 0 10 1:18am N 29.83 93 21 33.5 46.7 3:46pm 27.0 6:49am 28 0 0.01 0 6 1:54pm SW 30.06 86 22 36.2 43.0 12:24pm 30.6 3:30am 28 0 0.16 1 20 12:34pm S 29.96 88 23 38.9 45.2 3:13pm 32.6 7:24am 25 0 0.02 0 9 10:35am S 30.03 86 24 37.3 40.8 3:41pm 34.1 11:53pm 26 0 0.02 1 11 11:55am N 29.90 81 25 36.4 41.9 2:28pm 30.6 11:55pm 28 0 0.00 1 16 8:32am ENE 29.78 62 26 32.8 38.4 1:01pm 28.5 7:00am 30 0 0.00 2 23 3:25pm ENE 30.00 59 27 36.8 44.1 12:38pm 31.2 11:55pm 26 0 0.00 2 23 2:28am WSW 29.86 54 28 35.8 48.1 3:24pm 26.5 7:14am 27 0 0.00 1 9 2:34pm N 30.05 70 --------------------------------------------------------------------------------------- TOT 34.3 50.2 2/1/19 15.2 2/10/19 812 0 3.93 1 23 2/26/19 S 29.83 86 HEAT BASE: 65.0 COOL BASE: 65.0