MONTHLY CLIMATOLOGICAL SUMMARY FOR 5/2018 HEAT COOL MEAN DEG DEG WIND SPEED DOM MEAN MEAN DAY TEMP HIGH TIME LOW TIME DAYS DAYS RAIN AVG HI TIME DIR BAROM HUM --------------------------------------------------------------------------------------- 1 51.9 59.4 7:57pm 47.5 6:54am 13 0 0.00 1 11 2:38pm SW 30.05 83 2 56.1 68.4 5:34pm 42.0 6:10am 9 0 0.00 1 11 1:31pm NNW 30.05 75 3 57.5 72.6 4:28pm 44.2 6:09am 8 1 0.00 2 16 5:58pm SW 30.07 75 4 54.7 63.6 6:41pm 49.3 6:45am 10 0 0.00 1 7 1:11am NNW 30.20 79 5 56.2 69.3 3:55pm 45.1 5:10am 8 0 0.03 1 8 11:40am NNW 30.06 82 6 60.2 73.4 2:55pm 51.5 6:05am 6 1 0.01 1 14 5:27pm WSW 29.95 83 7 59.4 71.6 5:47pm 52.8 11:58pm 6 1 0.00 0 6 1:04am W 30.13 81 8 58.8 74.0 3:07pm 47.3 5:58am 7 1 0.10 1 10 1:55pm W 29.96 86 9 56.5 60.9 5:55pm 53.7 5:38am 8 0 0.14 1 16 12:17pm SW 29.99 87 10 51.5 57.4 1:49pm 48.2 5:27am 12 0 0.34 1 13 2:35pm S 30.06 90 11 53.9 66.0 7:40pm 48.1 6:33am 10 0 0.03 1 10 12:16pm NNW 30.18 86 12 58.0 74.2 4:10pm 43.6 6:01am 8 2 0.00 1 11 11:10am NNW 30.04 80 13 65.3 84.2 7:35pm 48.8 5:40am 5 5 0.00 0 9 2:02pm NW 29.87 72 14 68.0 85.3 5:38pm 53.0 5:54am 4 7 0.00 1 9 4:06pm NW 29.84 68 15 60.2 70.4 4:48pm 54.1 7:14am 5 1 0.00 2 12 6:20pm SW 29.87 85 16 57.9 63.1 4:32pm 53.9 4:40am 7 0 0.00 1 10 7:53pm SW 29.98 84 17 57.4 63.2 5:58pm 52.4 6:49am 8 0 0.00 1 7 10:51am SW 30.01 82 18 56.5 61.1 5:04pm 53.1 7:32am 8 0 0.01 1 5 12:00am SW 29.99 86 19 60.6 71.0 4:27pm 54.9 5:58am 5 1 0.09 1 11 3:54pm NW 29.93 85 20 56.2 60.7 6:43pm 52.8 7:59am 9 0 0.03 1 7 12:00am SW 29.97 88 21 58.7 69.4 7:28pm 52.2 11:59pm 7 1 0.00 1 8 3:46pm SW 29.98 80 22 61.8 79.1 7:54pm 46.1 5:49am 7 4 0.00 1 9 2:16pm NNW 29.85 76 23 64.8 79.8 5:31pm 51.3 5:54am 4 4 0.00 1 10 2:30pm SW 29.75 72 24 60.1 71.6 6:58pm 54.0 6:34am 5 1 0.00 1 9 5:31am SW 29.96 81 25 58.4 65.4 5:09pm 53.5 7:13am 6 0 0.00 1 9 11:28pm WSW 29.97 79 26 57.1 64.1 3:36pm 51.3 5:49am 7 0 0.00 0 9 12:00am WSW 30.10 72 27 61.1 75.3 5:02pm 48.9 6:06am 6 2 0.00 1 9 12:04pm WSW 30.15 71 28 58.0 68.1 6:47pm 46.7 4:49am 6 0 0.00 1 11 11:32am N 30.15 75 29 55.5 62.7 5:09pm 49.4 6:53am 8 0 0.04 1 9 7:42pm SW 30.04 72 30 46.6 49.2 7:59am 45.3 4:30am 6 0 0.00 0 3 7:00am N 29.82 88 31 62.4 65.4 5:37pm 58.3 1:13pm 1 0 0.00 3 11 3:09pm SW 30.19 52 --------------------------------------------------------------------------------------- TOT 62.4 65.4 6/1/18 58.3 6/1/18 218 31 0.00 3 11 6/1/18 SW 30.19 52 HEAT BASE: 65.0 COOL BASE: 65.0