MONTHLY CLIMATOLOGICAL SUMMARY FOR 7/2017 HEAT COOL MEAN DEG DEG WIND SPEED DOM MEAN MEAN DAY TEMP HIGH TIME LOW TIME DAYS DAYS RAIN AVG HI TIME DIR BAROM HUM --------------------------------------------------------------------------------------- 1 61.3 72.6 7:23pm 54.7 9:00am 5 1 0.00 1 9 4:50pm SW 30.00 81 2 63.0 76.8 8:00pm 50.1 5:30am 5 3 0.00 1 10 3:46pm WSW 30.01 77 3 60.0 65.9 7:50pm 55.1 7:17am 5 0 0.02 1 8 3:23am SW 30.09 86 4 62.1 78.4 6:40pm 48.2 5:46am 6 3 0.00 1 13 1:07pm NNW 29.99 74 5 67.5 85.1 5:41pm 48.2 5:23am 4 7 0.00 1 8 1:38pm W 29.93 67 6 68.6 85.9 6:03pm 52.7 6:30am 3 6 0.00 1 7 2:10pm SW 30.03 67 7 63.0 71.3 5:45pm 54.5 6:17am 3 1 0.00 1 11 1:18pm S 30.12 76 8 66.7 80.4 7:52pm 52.7 6:32am 3 5 0.00 2 10 1:33pm NNW 30.04 71 9 66.3 78.4 5:23pm 53.1 5:27am 3 4 0.00 1 13 5:45pm NNW 30.01 72 10 63.8 73.3 5:36pm 56.3 11:51pm 3 1 0.00 2 10 6:01pm SW 29.98 77 11 62.0 74.8 7:47pm 51.6 6:09am 5 2 0.00 2 11 11:56am NNW 30.02 71 12 63.5 76.9 5:41pm 49.8 5:14am 5 3 0.00 2 12 3:46pm W 29.97 74 13 63.6 74.8 6:54pm 55.0 4:46am 3 2 0.00 1 8 2:19pm N 30.04 74 14 64.8 80.6 8:14pm 48.5 6:18am 5 5 0.00 1 9 5:39pm WSW 30.06 67 15 63.4 73.8 3:55pm 50.6 5:55am 4 2 0.00 2 13 1:18pm WSW 30.12 69 16 61.7 71.2 6:26pm 50.8 5:32am 5 1 0.00 2 11 5:38pm NNW 30.17 67 17 62.3 76.8 6:35pm 46.8 5:46am 6 3 0.00 3 13 10:39am NNW 30.02 69 18 65.7 80.6 5:56pm 51.1 5:37am 4 5 0.00 1 10 1:55pm NW 29.96 64 19 63.9 77.0 7:30pm 49.5 6:20am 5 3 0.00 1 12 8:17pm WSW 30.00 67 20 64.3 71.5 6:10pm 58.2 6:23am 2 2 0.07 2 13 4:15pm SW 30.05 75 21 65.2 77.4 3:55pm 54.0 6:06am 3 3 0.00 1 10 1:00pm W 30.07 73 22 70.6 84.9 7:03pm 58.3 4:27am 2 7 0.00 1 10 7:26pm NW 30.08 70 23 67.8 75.6 7:11pm 60.3 3:14am 1 3 0.00 2 12 6:02pm NNW 29.99 77 24 66.1 81.7 5:58pm 51.4 5:25am 3 4 0.00 1 12 11:34am NNW 29.93 73 25 69.7 84.8 4:51pm 53.3 6:27am 3 7 0.00 2 11 11:59am NNW 29.94 67 26 68.0 81.8 6:48pm 54.6 6:20am 3 6 0.00 1 13 3:30pm NW 29.98 71 27 63.4 71.0 7:03pm 56.5 11:58pm 3 1 0.00 2 11 4:17pm NW 30.05 79 28 64.2 78.4 5:51pm 51.6 4:05am 4 3 0.00 1 11 1:47pm NNW 30.03 75 29 66.3 81.3 5:55pm 51.3 5:58am 4 5 0.00 1 10 4:09pm NNW 30.08 71 30 66.4 79.1 5:45pm 53.2 5:50am 3 4 0.00 1 10 3:06pm NNW 30.18 75 31 68.5 84.0 5:37pm 52.6 6:13am 3 6 0.00 2 13 1:51pm NNW 30.16 65 --------------------------------------------------------------------------------------- TOT 64.9 85.9 7/6/17 46.8 7/17/17 113 111 0.09 1 13 7/4/17 NNW 30.04 72 HEAT BASE: 65.0 COOL BASE: 65.0