MONTHLY CLIMATOLOGICAL SUMMARY FOR 5/2017 HEAT COOL MEAN DEG DEG WIND SPEED DOM MEAN MEAN DAY TEMP HIGH TIME LOW TIME DAYS DAYS RAIN AVG HI TIME DIR BAROM HUM --------------------------------------------------------------------------------------- 1 45.6 47.5 3:26pm 42.9 4:03am 18 0 0.08 0 5 1:49pm N 30.20 92 2 52.3 63.1 3:42pm 41.4 4:18am 12 0 0.06 0 8 6:18pm WSW 30.14 85 3 62.6 76.0 5:13pm 53.7 12:45am 5 2 0.12 1 7 1:38pm NNW 30.07 84 4 61.2 76.1 2:28pm 52.5 6:31am 5 1 0.23 1 18 3:52pm NNW 29.81 90 5 42.0 45.8 12:00am 39.0 5:30am 6 0 0.00 0 1 12:00am ENE 30.04 90 6 48.5 58.0 7:00pm 41.3 11:30pm 16 0 0.03 2 13 2:00pm N 30.07 75 7 48.8 61.1 5:30pm 37.3 4:30am 16 0 0.00 2 16 2:30pm NNW 30.16 74 8 51.5 65.5 5:00pm 39.0 6:30am 13 0 0.00 2 12 5:30pm NW 30.11 72 9 54.6 69.2 6:49pm 39.0 5:30am 11 1 0.00 1 12 5:34pm NW 29.97 72 10 58.3 71.3 5:08pm 47.4 6:00am 7 1 0.00 1 11 1:06pm NNW 29.84 74 11 53.2 62.1 10:34am 45.1 11:59pm 11 0 0.47 1 25 11:44am WSW 29.86 85 12 45.9 55.2 12:03pm 39.6 6:16am 19 0 0.22 1 21 12:41pm ENE 29.93 89 13 47.7 54.8 4:27pm 43.4 12:05am 16 0 0.21 1 11 10:47am S 29.91 88 14 48.1 54.0 2:28pm 44.2 4:21am 15 0 0.31 1 15 1:00pm S 29.96 90 15 48.2 52.6 1:41pm 45.5 4:13am 15 0 0.46 1 12 10:23am WSW 29.89 90 16 46.5 51.6 4:28pm 43.1 8:09am 18 0 0.62 2 15 12:54pm S 29.66 90 17 49.3 55.4 4:44pm 43.5 2:03am 15 0 0.03 0 7 5:18pm S 30.06 91 18 55.5 64.8 4:29pm 48.7 5:01am 9 0 0.00 1 8 3:37pm SW 30.11 79 19 58.8 69.8 4:37pm 46.5 5:41am 7 1 0.00 1 12 5:12pm W 30.05 75 20 61.4 70.6 5:46pm 53.2 11:56pm 5 1 0.00 2 11 12:36pm NNW 30.10 70 21 61.9 77.7 4:44pm 48.1 6:23am 6 3 0.00 1 11 1:36pm NW 30.14 76 22 66.9 87.3 8:08pm 51.2 5:12am 4 6 0.00 1 12 4:59pm NW 30.06 70 23 65.7 78.9 3:55pm 52.9 5:17am 3 4 0.00 3 22 6:56pm WSW 29.93 70 24 54.0 61.5 6:41pm 44.3 5:27am 10 0 0.00 2 14 12:00am N 29.95 68 25 55.4 69.7 6:24pm 41.9 5:33am 9 1 0.00 2 13 12:30pm NNW 29.84 75 26 62.9 78.9 7:39pm 46.5 5:55am 6 4 0.00 2 13 3:21pm NNW 29.89 68 27 67.3 86.5 7:56pm 51.1 5:20am 4 7 0.00 1 9 1:08pm NW 29.99 60 28 68.9 86.3 6:44pm 52.1 5:54am 3 7 0.00 1 12 5:17pm NNW 29.99 63 29 62.5 76.4 6:59pm 52.7 6:32am 5 2 0.00 1 10 5:11pm WSW 29.94 79 30 55.2 58.4 12:03am 53.0 6:44am 9 0 0.00 1 10 8:56am SW 29.92 90 31 60.4 71.6 3:37pm 52.6 2:49am 5 1 0.13 2 10 2:55pm SW 29.84 78 --------------------------------------------------------------------------------------- TOT 55.8 87.3 5/22/17 37.3 5/7/17 302 40 3.93 1 25 5/11/17 NNW 29.98 79 HEAT BASE: 65.0 COOL BASE: 65.0