MONTHLY CLIMATOLOGICAL SUMMARY FOR 12/2016 HEAT COOL MEAN DEG DEG WIND SPEED DOM MEAN MEAN DAY TEMP HIGH TIME LOW TIME DAYS DAYS RAIN AVG HI TIME DIR BAROM HUM --------------------------------------------------------------------------------------- 1 43.7 45.6 2:11pm 42.4 6:58am 19 0 0.02 0 7 3:55am S 30.23 87 2 44.9 50.0 3:35pm 42.4 7:11am 19 0 0.24 1 11 4:10pm S 30.18 94 3 45.4 47.6 1:13pm 43.3 8:28pm 18 0 0.37 3 13 3:03pm S 30.18 88 4 38.1 43.9 12:22am 33.1 7:04pm 25 0 0.65 2 15 12:42am S 30.01 94 5 34.6 37.2 2:00pm 32.2 2:23am 29 0 0.14 0 3 12:31am S 30.03 95 6 32.5 38.4 2:43pm 29.9 8:14pm 32 0 0.00 1 9 11:27am N 30.12 92 7 31.0 36.7 2:41pm 25.7 8:04am 33 0 0.01 1 19 8:13pm ENE 30.32 76 8 33.1 35.1 12:36pm 31.3 7:24pm 30 0 0.00 3 19 12:21am SW 29.99 57 9 31.8 34.4 2:58am 30.5 7:38am 30 0 0.00 1 15 4:09am NE 29.90 88 10 36.2 41.5 3:39pm 32.0 4:49am 29 0 0.61 1 12 3:02pm S 29.82 94 11 39.4 41.6 12:05pm 36.6 11:56pm 22 0 0.14 1 11 1:38am S 29.90 92 12 38.5 43.5 2:05pm 35.5 1:37am 22 0 0.33 1 10 1:08pm S 30.10 93 13 34.7 37.8 12:45pm 29.6 11:42pm 26 0 0.01 1 11 1:41pm N 30.21 92 14 34.5 36.9 2:21pm 29.9 12:00am 29 0 0.00 1 14 10:04am ENE 29.98 58 15 32.7 35.9 1:47pm 30.9 9:55pm 29 0 0.01 0 6 9:16pm NNE 29.85 86 16 28.1 34.9 2:53pm 21.3 11:36pm 32 0 0.00 1 9 11:07am N 30.06 81 17 26.7 32.3 2:59pm 18.9 4:40am 34 0 0.00 0 5 3:04pm N 30.38 85 18 32.1 40.5 1:40pm 26.4 4:35am 29 0 0.00 0 5 11:52pm N 30.42 87 19 41.0 44.5 2:34pm 36.1 12:00am 20 0 0.60 1 15 2:51am S 30.11 91 20 45.5 51.3 3:39am 41.4 10:33pm 18 0 0.02 4 22 7:20am S 30.16 83 21 37.3 48.8 3:08pm 30.8 9:21pm 27 0 0.00 0 4 12:36pm S 30.30 86 22 37.6 43.4 2:02pm 32.4 5:54am 25 0 0.16 0 8 1:10am N 29.83 89 23 36.7 39.4 12:00am 34.8 5:24pm 27 0 0.53 0 8 2:14am WNW 29.58 96 24 35.6 39.7 3:01pm 32.5 10:35pm 27 0 0.04 0 8 3:25pm NNE 29.88 96 25 33.5 41.0 2:55pm 30.5 10:35pm 32 0 0.00 0 5 3:28am S 30.07 94 26 36.1 43.3 11:56pm 30.6 12:00am 28 0 0.11 0 15 4:27pm ENE 30.12 91 27 40.5 44.6 12:23am 39.0 11:00pm 21 0 0.13 3 17 1:56pm S 30.01 90 28 39.9 46.9 2:49pm 36.1 10:36pm 22 0 0.00 1 7 12:00am S 30.35 81 29 41.4 44.6 5:23pm 38.9 6:13am 22 0 0.19 1 15 5:31pm S 30.13 86 30 37.4 42.9 2:52pm 29.6 11:51pm 26 0 0.07 1 9 2:26pm N 30.22 92 31 32.4 37.3 6:46pm 27.0 5:15am 30 0 0.06 1 13 6:51pm S 30.00 94 --------------------------------------------------------------------------------------- TOT 36.6 51.3 12/20/16 18.9 12/17/16 813 0 4.44 1 22 12/20/16 S 30.08 87 HEAT BASE: 65.0 COOL BASE: 65.0