MONTHLY CLIMATOLOGICAL SUMMARY FOR 1/2016 HEAT COOL MEAN DEG DEG WIND SPEED DOM MEAN MEAN DAY TEMP HIGH TIME LOW TIME DAYS DAYS RAIN AVG HI TIME DIR BAROM HUM --------------------------------------------------------------------------------------- 1 34.9 44.4 3:24pm 27.9 5:01am 30 0 0.00 1 9 6:30am S 30.32 65 2 34.0 42.4 2:53pm 25.6 8:14am 31 0 0.00 1 23 10:51pm ENE 30.12 63 3 36.3 39.1 3:44pm 33.2 2:55am 29 0 0.01 1 23 1:14am S 29.91 63 4 36.3 39.3 3:05pm 34.7 3:04am 29 0 0.46 0 5 10:56pm NE 29.67 95 5 38.4 43.5 9:42pm 34.3 4:17am 27 0 0.10 0 6 9:14pm S 29.52 96 6 43.5 53.0 3:20pm 34.7 11:59pm 21 0 0.00 1 7 7:53am S 29.58 80 7 38.4 43.1 2:54pm 33.4 1:15am 26 0 0.00 0 1 3:27am SSW 29.86 94 8 38.5 49.9 3:47pm 31.6 8:19am 27 0 0.01 0 5 12:23pm NNW 29.98 92 9 40.1 48.8 2:42pm 30.9 8:22am 25 0 0.00 0 5 3:23am WSW 30.05 79 10 40.3 47.3 1:44pm 34.4 4:16am 25 0 0.00 1 10 10:33pm ENE 30.16 68 11 40.5 43.8 2:53pm 37.9 5:18am 25 0 0.11 1 10 3:17am ENE 30.09 78 12 43.5 47.2 8:57am 40.2 3:52am 21 0 0.41 1 11 9:43am ENE 29.83 83 13 43.7 56.2 1:06am 39.9 11:01pm 21 0 0.83 1 11 12:58am ENE 29.73 92 14 38.5 47.2 2:23pm 31.3 11:58pm 26 0 0.01 0 8 1:26pm N 29.86 90 15 39.5 46.3 2:37pm 30.3 2:40am 26 0 0.06 0 5 11:54pm ENE 29.88 93 16 44.1 48.7 7:22pm 39.1 11:44pm 21 0 0.26 1 9 1:41am ENE 29.75 91 17 43.5 49.4 6:27am 39.5 12:00am 21 0 0.31 0 9 8:55am ENE 29.76 90 18 43.7 50.5 1:44pm 38.6 7:52am 21 0 0.03 0 9 7:19pm ENE 29.89 88 19 41.8 47.8 1:53pm 37.5 7:21am 23 0 0.34 0 12 1:05pm S 29.71 89 20 43.8 48.6 2:21pm 40.1 12:00am 21 0 0.37 0 7 9:08pm S 30.03 93 21 47.3 53.4 3:26pm 43.2 12:00am 18 0 0.40 1 12 3:35pm ENE 29.78 89 22 47.6 54.5 3:07pm 40.7 11:08pm 17 0 0.28 1 13 12:51pm S 29.76 90 23 43.0 45.9 12:58am 41.6 12:00am 21 0 0.57 0 6 12:32am S 29.74 95 24 42.3 49.6 3:17pm 37.1 11:59pm 23 0 0.01 0 7 12:19am S 30.05 90 25 42.5 54.6 3:28pm 32.4 4:00am 23 0 0.00 0 5 9:21pm ENE 30.18 86 26 48.5 52.3 1:38pm 45.6 7:23am 16 0 0.20 0 7 3:07am ENE 30.19 91 27 50.5 57.8 1:44pm 46.2 4:32am 14 0 0.28 0 9 7:02am ENE 30.08 92 28 48.8 52.8 5:58am 41.1 11:16pm 16 0 0.66 1 17 2:43pm S 29.89 92 29 43.4 48.8 2:12pm 39.5 11:08pm 22 0 0.19 2 18 2:43pm S 29.73 88 30 39.9 45.9 3:29pm 35.3 6:04am 25 0 0.09 1 14 12:36pm S 29.90 88 31 39.8 44.4 1:43pm 35.8 5:39am 25 0 0.01 0 9 2:36pm S 30.00 88 --------------------------------------------------------------------------------------- TOT 41.8 57.8 1/27/16 25.6 1/2/16 715 0 6.00 1 23 1/2/16 ENE 29.90 86 HEAT BASE: 65.0 COOL BASE: 65.0