MONTHLY CLIMATOLOGICAL SUMMARY FOR 6/2015 HEAT COOL MEAN DEG DEG WIND SPEED DOM MEAN MEAN DAY TEMP HIGH TIME LOW TIME DAYS DAYS RAIN AVG HI TIME DIR BAROM HUM --------------------------------------------------------------------------------------- 1 56.1 58.1 5:44pm 54.3 5:23am 9 0 0.19 1 10 6:19am SW 29.84 91 2 56.0 59.7 5:05pm 53.3 5:08am 9 0 0.22 1 11 1:38pm S 29.97 92 3 57.2 62.8 4:54pm 52.3 5:02am 8 0 0.00 1 8 11:10am S 30.00 85 4 60.4 71.1 8:04pm 52.1 4:57am 5 1 0.00 1 11 11:11am N 30.04 75 5 64.4 78.2 4:15pm 48.7 5:55am 5 4 0.00 3 14 4:26pm NNW 30.02 71 6 67.4 82.2 4:44pm 50.3 5:32am 4 6 0.00 2 12 12:43pm NNW 29.95 68 7 70.5 84.9 5:09pm 54.1 5:57am 2 8 0.00 2 12 5:27pm NNW 29.94 64 8 71.2 86.0 4:18pm 55.7 6:24am 2 8 0.00 2 13 6:57pm NNW 29.90 64 9 69.1 83.2 4:36pm 53.6 5:49am 3 7 0.00 2 10 1:45pm NNW 29.85 57 10 63.9 76.9 6:42pm 49.5 5:36am 5 4 0.00 2 11 2:16pm SW 29.90 66 11 62.3 73.9 6:06pm 49.1 6:14am 5 2 0.00 2 11 8:43pm SW 30.03 72 12 58.4 66.8 6:52pm 50.3 11:57pm 7 0 0.00 2 9 6:41pm S 30.09 70 13 58.6 72.9 5:58pm 43.5 5:46am 8 2 0.00 2 13 1:41pm NNW 30.01 67 14 63.5 79.8 6:09pm 44.7 5:42am 6 5 0.00 2 14 4:22pm NNW 29.92 62 15 67.7 84.1 6:52pm 49.2 5:37am 4 7 0.00 2 13 3:41pm NNW 29.85 59 16 61.5 71.8 6:16pm 51.1 5:48am 5 1 0.00 2 11 3:24pm SW 30.00 68 17 62.2 76.5 5:24pm 48.3 6:06am 6 3 0.00 2 11 1:44pm NNW 30.00 68 18 65.0 72.5 4:52pm 56.1 5:47am 2 2 0.00 2 14 7:17pm NW 29.92 62 19 63.1 72.4 5:57pm 55.5 11:59pm 4 2 0.02 3 16 12:16pm S 30.05 71 20 61.9 74.2 4:45pm 47.2 5:41am 6 3 0.00 3 15 7:15pm NNW 29.99 65 21 64.1 77.8 7:05pm 51.5 6:02am 4 3 0.00 2 10 2:45pm SW 29.86 61 22 63.1 75.2 7:08pm 49.7 4:59am 5 3 0.00 1 11 6:08pm WSW 30.01 66 23 63.7 78.3 6:17pm 47.9 5:45am 5 4 0.00 1 10 4:46pm WSW 30.04 62 24 67.9 78.6 6:00pm 56.7 5:41am 2 5 0.00 2 10 1:05pm NNW 30.01 61 25 70.4 85.4 6:21pm 53.6 5:56am 3 8 0.00 1 11 4:23pm NNW 30.04 63 26 73.3 87.3 6:26pm 57.1 6:01am 1 10 0.00 2 12 4:02pm NNW 29.97 66 27 75.8 90.4 5:32pm 60.5 5:31am 1 11 0.00 2 12 5:33pm NNW 29.87 64 28 72.9 84.8 3:22pm 63.0 5:57am 0 8 0.00 1 15 10:21am NNW 29.87 70 29 73.9 85.1 5:30pm 64.8 6:26am 0 9 0.01 1 11 2:32pm SW 29.91 72 30 72.6 86.4 6:49pm 58.9 6:01am 1 9 0.00 2 12 4:19pm SW 30.00 68 --------------------------------------------------------------------------------------- TOT 65.3 90.4 6/27/15 43.5 6/13/15 128 136 0.44 2 16 6/19/15 NNW 29.96 68 HEAT BASE: 65.0 COOL BASE: 65.0