MONTHLY CLIMATOLOGICAL SUMMARY FOR 3/2015 HEAT COOL MEAN DEG DEG WIND SPEED DOM MEAN MEAN DAY TEMP HIGH TIME LOW TIME DAYS DAYS RAIN AVG HI TIME DIR BAROM HUM --------------------------------------------------------------------------------------- 1 40.8 53.0 4:00pm 29.5 7:00am 24 0 0.07 0 9 1:30pm SSW 30.08 77 2 41.7 49.2 3:00pm 32.4 11:30pm 23 0 0.02 1 15 5:30pm NNE 29.98 84 3 37.0 50.7 3:30pm 28.7 7:00am 28 0 0.01 1 9 2:30pm NNW 30.17 76 4 38.1 55.0 3:30pm 26.6 5:00am 27 0 0.00 1 8 2:00pm N 30.24 70 5 42.3 57.3 4:00pm 31.3 5:00am 23 0 0.00 0 5 2:30pm WNW 30.30 73 6 45.0 62.6 4:30pm 34.1 5:30am 20 0 0.00 0 5 3:30pm NNW 30.33 76 7 45.0 62.1 4:30pm 32.2 6:00am 20 0 0.00 1 12 3:30pm NNW 30.25 80 8 46.4 64.9 4:30pm 33.2 8:00am 18 0 0.00 0 7 5:30pm NNW 30.14 81 9 46.2 60.7 6:30pm 35.0 7:30am 19 0 0.00 1 8 1:30pm N 30.04 81 10 44.6 58.5 3:30pm 34.1 5:00am 20 0 0.01 0 7 5:30pm WSW 29.85 86 11 50.9 56.4 4:00pm 47.0 4:30am 14 0 0.14 0 7 4:00pm E 29.92 94 12 54.0 65.5 6:30pm 46.9 11:30pm 11 0 0.00 1 10 1:30pm SSW 30.29 82 13 53.4 70.2 2:00pm 42.8 5:30am 12 1 0.02 0 7 7:00am WSW 30.05 80 14 52.8 56.0 12:30pm 48.7 11:30pm 12 0 0.92 1 15 3:00pm S 29.85 95 15 48.4 53.4 6:00pm 45.2 10:30pm 17 0 1.22 3 28 7:30pm N 29.75 94 16 48.3 57.4 6:00pm 43.3 7:30am 17 0 0.02 2 13 12:30am N 30.12 87 17 45.8 55.9 1:00pm 37.5 6:00am 19 0 0.09 1 11 3:00pm W 30.05 89 18 49.2 58.6 6:00pm 43.2 4:30am 16 0 0.01 0 5 11:00am N 30.21 85 19 51.0 61.0 3:00pm 42.8 3:00am 14 0 0.00 0 7 4:00pm N 30.05 82 20 51.9 59.8 12:30pm 44.7 6:00am 13 0 0.04 0 8 1:00pm NNE 29.87 87 21 50.2 55.0 5:30pm 46.7 8:00am 14 0 0.01 2 15 9:00am S 29.98 87 22 23 42.5 43.6 8:30pm 42.2 9:30pm 3 0 0.00 0 4 8:30pm S 29.87 95 24 45.4 51.2 4:35pm 40.6 9:17am 20 0 0.48 1 11 2:34pm S 30.07 91 25 49.5 55.3 2:48pm 43.8 4:34am 16 0 0.56 0 9 2:39pm E 30.20 96 26 56.4 73.9 6:36pm 45.1 7:24am 10 1 0.00 0 7 2:55pm WNW 30.18 84 27 53.8 67.0 2:35pm 42.8 7:08am 11 0 0.17 2 21 9:44pm WSW 29.97 86 28 51.4 58.0 2:58pm 47.8 11:59pm 13 0 0.07 3 16 5:50am SSW 30.21 85 29 52.5 60.4 3:36pm 46.4 4:33am 12 0 0.00 1 11 1:28pm WSW 30.19 84 30 55.1 65.0 5:57pm 47.6 7:22am 10 0 0.00 1 10 6:54pm NNW 29.95 81 31 48.2 54.3 1:52pm 44.4 9:33pm 16 0 0.13 3 23 2:39am S 29.99 81 --------------------------------------------------------------------------------------- TOT 48.1 73.9 3/26/15 26.6 3/4/15 492 2 4.44 1 28 3/15/15 S 30.08 84 HEAT BASE: 65.0 COOL BASE: 65.0