MONTHLY CLIMATOLOGICAL SUMMARY FOR 7/2014 HEAT COOL MEAN DEG DEG WIND SPEED DOM MEAN MEAN DAY TEMP HIGH TIME LOW TIME DAYS DAYS RAIN AVG HI TIME DIR BAROM HUM --------------------------------------------------------------------------------------- 1 71.7 92.1 7:45pm 52.4 5:12am 3 10 0.00 1 11 2:12pm NNW 29.80 68 2 68.4 80.0 5:07pm 60.7 11:56pm 1 4 0.00 2 14 7:03pm WSW 29.85 70 3 62.4 69.4 6:49pm 56.9 5:33am 3 1 0.00 1 9 10:04am S 30.01 75 4 62.9 73.0 4:23pm 53.1 2:45am 4 2 0.00 2 11 3:40pm N 29.97 73 5 65.1 76.2 2:45pm 54.0 4:07am 4 4 0.00 1 11 3:32pm NNW 30.04 72 6 69.4 82.2 5:46pm 55.5 4:11am 3 7 0.00 2 12 7:55pm NNW 30.07 71 7 68.9 80.9 5:35pm 58.1 5:54am 1 5 0.00 2 9 11:20am NNW 30.02 80 8 71.0 83.3 5:19pm 57.5 6:16am 2 7 0.00 2 13 1:29pm NNW 29.96 72 9 67.5 79.5 6:33pm 56.3 5:51am 2 5 0.00 2 10 11:58am WSW 29.92 75 10 67.5 81.9 5:25pm 53.2 6:03am 3 6 0.00 2 11 4:32pm NNW 29.87 72 11 70.7 89.0 6:34pm 52.9 5:50am 3 9 0.00 1 10 3:23pm NNW 29.89 66 12 74.0 91.4 5:57pm 58.2 5:29am 1 10 0.00 1 10 3:52pm N 29.99 67 13 71.9 83.4 4:01pm 60.1 6:00am 1 7 0.00 1 8 1:03pm WSW 30.00 75 14 70.3 83.2 5:50pm 61.2 7:00am 1 6 0.00 1 9 1:25pm WSW 30.03 76 15 70.7 87.1 5:20pm 58.1 5:49am 2 7 0.00 1 9 3:50pm NNW 29.99 75 16 72.4 87.3 5:15pm 57.2 5:54am 1 9 0.00 1 10 3:13pm WSW 29.90 68 17 66.4 78.0 6:06pm 56.6 6:30am 2 4 0.00 2 10 2:01pm WSW 29.93 72 18 64.0 75.1 7:20pm 52.1 5:54am 4 3 0.00 1 10 1:11pm WSW 30.01 74 19 67.1 78.5 2:15pm 58.4 3:35am 2 4 0.00 3 21 2:41pm WSW 29.95 81 20 62.8 66.0 4:52pm 59.5 7:44am 2 0 0.01 3 10 12:00am WSW 29.90 76 21 64.1 74.5 5:53pm 56.8 7:00am 3 2 0.00 2 10 5:58pm WSW 29.94 71 22 61.5 72.3 8:14pm 53.6 2:21am 4 1 0.00 1 8 2:38pm NNW 29.98 82 23 59.8 63.7 2:29am 54.8 11:58pm 5 0 1.28 1 12 12:43pm S 29.96 95 24 59.2 66.8 7:24pm 53.5 5:36am 6 0 0.07 1 13 6:26pm S 30.10 87 25 61.6 73.7 5:53pm 49.9 6:10am 5 2 0.00 1 9 1:37pm NNW 30.08 79 26 64.5 79.0 4:38pm 50.5 5:12am 5 4 0.00 1 10 6:55pm N 30.07 74 27 66.8 81.2 4:23pm 52.2 5:38am 4 6 0.00 2 11 7:02pm NNW 30.07 73 28 70.1 85.5 5:37pm 55.3 6:26am 3 8 0.00 1 10 5:02pm NNW 30.02 70 29 70.3 83.8 5:01pm 55.0 5:51am 2 8 0.00 2 12 12:11pm NNW 30.03 66 30 69.1 82.4 5:32pm 54.6 6:33am 3 7 0.00 2 13 2:27pm NNW 30.04 69 31 70.3 85.4 4:51pm 55.3 5:25am 2 7 0.00 2 13 2:11pm NNW 30.00 65 --------------------------------------------------------------------------------------- TOT 67.2 92.1 7/1/14 49.9 7/25/14 87 154 1.36 2 21 7/19/14 NNW 29.98 74 HEAT BASE: 65.0 COOL BASE: 65.0