MONTHLY CLIMATOLOGICAL SUMMARY FOR 6/2014 HEAT COOL MEAN DEG DEG WIND SPEED DOM MEAN MEAN DAY TEMP HIGH TIME LOW TIME DAYS DAYS RAIN AVG HI TIME DIR BAROM HUM --------------------------------------------------------------------------------------- 1 58.5 71.6 7:15pm 48.7 4:55am 7 1 0.00 1 10 4:37pm WSW 30.01 77 2 60.2 73.7 6:32pm 48.0 5:50am 7 2 0.00 1 11 3:55pm WSW 29.87 79 3 56.9 62.6 7:09pm 51.5 4:29am 8 0 0.00 1 7 12:10am S 29.97 80 4 58.5 67.0 6:48pm 53.1 4:23am 7 0 0.00 1 9 4:33pm WSW 30.06 79 5 59.7 71.8 5:17pm 48.6 5:59am 7 1 0.00 2 11 11:47am NNW 30.06 72 6 60.6 74.4 5:38pm 43.6 5:46am 7 3 0.00 2 12 4:29pm NNW 30.05 62 7 61.8 72.7 5:08pm 50.8 6:07am 5 2 0.00 2 12 3:22pm NNW 30.09 70 8 61.5 73.8 5:36pm 50.6 4:42am 6 2 0.00 2 11 6:16pm WSW 30.10 79 9 62.6 68.3 4:33pm 56.7 7:01am 3 1 0.00 3 14 12:28am N 30.05 68 10 58.1 64.9 5:28pm 53.4 7:32am 7 0 0.00 1 11 12:45pm S 30.04 75 11 61.5 73.9 5:27pm 47.2 5:18am 6 2 0.00 2 11 3:28pm N 29.91 70 12 56.8 65.2 3:56pm 51.7 11:25pm 8 0 0.52 1 24 5:21pm S 29.79 85 13 53.5 56.6 8:32pm 51.5 5:56am 11 0 0.31 1 10 8:34pm S 29.92 92 14 55.4 61.0 3:53pm 52.5 5:32am 10 0 0.05 1 10 10:17am S 30.03 82 15 53.9 59.0 1:23pm 49.2 11:52pm 11 0 0.61 0 11 1:40pm S 29.84 90 16 52.1 60.6 3:34pm 47.8 2:12am 13 0 0.17 0 7 12:00am S 29.85 88 17 54.1 59.4 6:46pm 49.0 5:28am 11 0 0.14 0 7 1:22pm S 30.04 89 18 56.6 65.0 7:33pm 51.8 5:28am 8 0 0.00 1 9 1:11pm S 30.04 79 19 60.8 74.1 3:20pm 49.5 4:24am 6 2 0.03 2 12 7:43pm SW 29.95 75 20 57.6 65.5 7:03pm 50.6 6:25am 7 0 0.04 2 11 12:57am WSW 30.07 75 21 58.1 71.6 5:08pm 43.3 5:09am 8 1 0.00 2 11 6:13pm NNW 30.03 70 22 61.3 76.1 6:38pm 44.8 5:17am 7 3 0.00 1 10 1:47pm NNW 29.99 68 23 64.1 75.1 1:43pm 52.5 5:43am 4 3 0.00 2 12 1:54pm WNW 29.96 69 24 63.7 76.0 6:18pm 56.6 2:36am 4 2 0.00 1 8 12:57pm WSW 30.02 76 25 65.8 76.8 4:55pm 53.7 5:56am 3 4 0.00 2 12 3:08pm NNW 29.84 75 26 62.2 66.8 3:20pm 57.5 11:54pm 3 0 0.03 2 16 3:26pm WSW 29.75 86 27 59.9 67.6 12:34pm 55.1 3:39am 5 0 0.37 2 20 12:52pm S 29.74 88 28 59.4 63.6 7:13pm 56.0 5:36am 6 0 0.59 1 16 2:11pm WSW 29.92 90 29 58.8 65.4 3:31pm 53.5 11:49pm 6 0 0.05 0 8 12:20pm S 30.11 87 30 63.2 77.8 6:15pm 48.0 5:25am 6 4 0.00 2 12 2:38pm N 30.09 75 --------------------------------------------------------------------------------------- TOT 59.2 77.8 6/30/14 43.3 6/21/14 206 34 2.91 1 24 6/12/14 S 29.97 78 HEAT BASE: 65.0 COOL BASE: 65.0