MONTHLY CLIMATOLOGICAL SUMMARY FOR 5/2014 HEAT COOL MEAN DEG DEG WIND SPEED DOM MEAN MEAN DAY TEMP HIGH TIME LOW TIME DAYS DAYS RAIN AVG HI TIME DIR BAROM HUM --------------------------------------------------------------------------------------- 1 68.1 86.0 6:53pm 50.2 6:22am 4 7 0.00 1 10 3:45pm W 29.97 50 2 58.1 66.8 1:56pm 47.8 6:25am 7 0 0.05 2 11 2:59pm NW 29.94 77 3 52.6 58.2 1:53pm 46.9 6:34am 12 0 0.35 1 18 11:16pm S 29.80 87 4 51.1 57.9 1:18pm 47.6 1:25am 14 0 0.58 1 15 1:30pm S 29.73 91 5 51.0 56.1 1:48pm 47.9 6:22am 14 0 0.58 1 15 1:59pm S 29.92 93 6 52.1 58.7 3:22pm 48.2 6:11am 13 0 0.07 1 12 3:21pm WSW 29.97 87 7 53.5 65.3 5:05pm 44.8 6:11am 11 0 0.00 1 9 2:40pm WSW 29.93 77 8 51.5 57.3 11:28am 45.4 5:40am 14 0 0.42 1 17 9:29pm S 29.72 90 9 49.2 53.6 1:29pm 44.9 11:58pm 16 0 0.10 2 17 2:20am S 29.85 89 10 49.6 57.4 5:28pm 43.4 1:33am 15 0 0.05 0 4 12:00am S 30.10 85 11 53.7 65.5 6:02pm 43.8 5:54am 11 0 0.00 1 11 10:58am NNW 30.25 79 12 60.3 75.8 2:49pm 44.3 6:00am 8 3 0.00 2 13 1:05pm N 30.26 60 13 64.3 79.2 5:42pm 48.5 6:26am 5 4 0.00 2 13 4:18pm NNW 30.26 53 14 66.4 82.9 5:54pm 49.6 6:20am 5 6 0.00 2 13 4:08pm NNW 30.17 63 15 67.4 81.5 2:58pm 52.9 5:18am 4 6 0.00 1 10 8:50pm WSW 29.96 64 16 59.5 67.3 4:42pm 50.5 5:11am 6 0 0.00 2 13 2:51pm WSW 30.03 71 17 58.8 66.7 5:33pm 53.5 11:57pm 6 0 0.00 2 10 4:06pm S 29.92 71 18 55.6 63.7 3:02pm 51.6 4:48am 9 0 0.03 2 18 3:36pm S 29.80 82 19 57.7 68.6 5:36pm 49.8 2:09am 8 0 0.00 1 12 7:11pm N 29.93 76 20 58.4 70.9 6:21pm 44.7 5:53am 8 1 0.00 2 12 12:03pm NNW 30.04 73 21 57.8 68.2 7:02pm 52.2 5:54am 8 0 0.00 1 8 6:20pm WSW 30.10 77 22 62.7 77.5 3:21pm 49.7 5:57am 5 3 0.00 2 12 4:03pm NNW 30.01 74 23 60.6 67.4 5:50pm 55.4 4:03am 5 0 0.17 2 11 2:30pm WSW 29.98 87 24 58.0 65.7 7:00pm 52.8 10:35pm 7 0 0.00 1 11 6:30pm S 30.10 78 25 55.5 61.5 12:37pm 52.0 5:32am 9 0 0.31 1 9 2:49pm N 30.00 86 26 56.4 62.1 7:22pm 50.9 11:49pm 9 0 0.07 2 14 2:44pm WSW 30.05 80 27 56.4 66.1 6:18pm 47.3 5:02am 9 0 0.00 1 14 2:50pm WSW 30.07 71 28 54.8 62.3 2:02pm 50.1 3:41am 10 0 0.15 2 14 3:32pm S 30.05 80 29 56.0 62.6 4:27pm 48.4 11:57pm 9 0 0.00 2 11 2:28am S 30.14 72 30 56.2 68.3 5:05pm 42.5 6:04am 9 1 0.00 2 13 3:15pm NNW 30.01 75 31 60.0 73.0 4:21pm 45.4 5:47am 7 2 0.00 2 12 2:54pm NW 29.99 72 --------------------------------------------------------------------------------------- TOT 57.2 86.0 5/1/14 42.5 5/30/14 276 34 2.93 1 18 5/3/14 S 30.00 76 HEAT BASE: 65.0 COOL BASE: 65.0