MONTHLY CLIMATOLOGICAL SUMMARY FOR 12/2013 HEAT COOL MEAN DEG DEG WIND SPEED DOM MEAN MEAN DAY TEMP HIGH TIME LOW TIME DAYS DAYS RAIN AVG HI TIME DIR BAROM HUM --------------------------------------------------------------------------------------- 1 49.7 52.3 8:10am 44.5 11:57pm 15 0 0.04 5 28 10:57pm S 29.85 93 2 38.3 44.5 12:00am 33.2 7:12pm 27 0 0.02 3 23 12:00am S 29.87 85 3 33.4 38.6 2:35pm 26.3 11:59pm 32 0 0.00 3 15 10:25am N 30.17 85 4 27.3 37.6 2:37pm 20.9 7:54am 38 0 0.01 1 6 1:06pm ENE 30.27 84 5 26.4 32.8 2:53pm 20.3 7:44am 39 0 0.00 1 11 11:50pm SW 30.20 77 6 26.8 30.0 11:05am 23.6 11:54pm 38 0 0.00 2 16 12:39pm E 30.11 49 7 21.0 30.1 2:51pm 13.0 7:36am 44 0 0.00 2 11 10:54am N 30.29 59 8 21.5 32.3 2:40pm 11.9 2:07am 43 0 0.00 1 8 12:48pm NW 30.46 73 9 25.4 32.0 3:34pm 16.1 1:38am 40 0 0.00 1 4 10:33am N 30.50 79 10 33.3 40.1 2:35pm 28.0 11:32pm 32 0 0.00 0 4 3:10pm NNE 30.41 89 11 31.1 41.1 2:05pm 24.9 6:38am 34 0 0.00 0 4 12:47pm WNW 30.26 91 12 33.8 38.9 11:52pm 27.1 7:18am 31 0 0.26 0 9 12:03pm ENE 30.06 96 13 42.1 46.7 2:11pm 38.9 12:00am 23 0 0.09 0 6 12:16pm S 30.27 97 14 41.7 44.4 2:46pm 39.3 3:00am 23 0 0.00 0 5 5:04am NE 30.33 98 15 46.9 52.2 2:55pm 41.8 12:00am 18 0 0.12 1 12 11:45am S 30.33 94 16 43.1 46.1 12:00am 39.9 8:23am 22 0 0.00 0 6 11:37am SW 30.36 96 17 40.5 46.4 10:35pm 36.8 8:19am 24 0 0.00 1 8 10:39pm W 30.13 97 18 39.1 45.1 12:00am 31.5 11:58pm 26 0 0.33 0 14 11:31am SW 30.04 97 19 30.7 35.2 2:25pm 26.8 7:47am 34 0 0.01 0 3 2:39am ENE 30.22 95 20 34.4 42.2 4:28pm 28.2 12:03am 31 0 0.34 0 7 3:34pm S 29.87 96 21 42.9 44.6 3:50pm 40.8 12:37am 22 0 0.30 1 7 7:04pm S 30.01 98 22 46.4 48.2 3:09pm 43.4 12:41am 19 0 0.36 1 7 9:49am S 30.20 98 23 47.0 49.9 1:00pm 43.6 11:53pm 18 0 0.24 3 23 12:37pm S 30.23 91 24 39.3 46.2 2:45pm 30.5 11:57pm 26 0 0.00 0 9 3:35pm S 30.52 90 25 34.6 40.7 3:43pm 28.1 6:39am 30 0 0.00 0 4 7:58am WSW 30.40 94 26 35.8 47.8 3:03pm 30.2 8:34am 29 0 0.00 0 4 12:58am W 30.26 93 27 37.4 44.0 4:54pm 31.2 1:05am 27 0 0.10 0 5 5:13pm S 30.17 97 28 40.4 45.7 3:29pm 33.5 10:34pm 25 0 0.00 0 4 12:22pm NW 30.43 97 29 36.6 40.8 3:24pm 33.3 7:42am 28 0 0.01 0 4 1:35am NW 30.35 97 30 38.6 42.5 9:59pm 33.8 4:54am 26 0 0.02 0 13 10:45am NNW 30.15 98 31 42.3 45.1 1:24pm 38.1 11:57pm 22 0 0.04 0 5 4:14am SSE 30.23 98 --------------------------------------------------------------------------------------- TOT 36.4 52.3 12/1/13 11.9 12/8/13 885 0 2.29 1 28 12/1/13 S 30.22 90 HEAT BASE: 65.0 COOL BASE: 65.0