MONTHLY CLIMATOLOGICAL SUMMARY FOR 4/2011 HEAT COOL MEAN DEG DEG WIND SPEED DOM MEAN MEAN DAY TEMP HIGH TIME LOW TIME DAYS DAYS RAIN AVG HI TIME DIR BAROM HUM --------------------------------------------------------------------------------------- 1 45.4 48.2 4:14pm 40.6 11:55pm 20 0 1.04 1 13 11:52pm N 29.96 100 2 40.7 46.7 12:50pm 38.2 11:39pm 24 0 0.68 2 21 3:53pm S 29.99 97 3 42.2 48.8 5:24pm 38.2 12:00am 22 0 0.02 1 13 4:31pm SW 30.33 87 4 42.5 46.5 4:10pm 39.9 2:53am 22 0 0.69 0 18 8:56pm S 30.11 99 5 41.3 45.1 1:07pm 38.6 11:37pm 23 0 0.34 2 21 1:23pm S 30.06 94 6 39.2 43.8 2:01pm 33.4 10:50pm 22 0 0.23 1 20 12:18pm S 29.93 96 7 37.6 43.3 5:33pm 32.7 2:13am 27 0 0.07 1 10 5:58pm N 30.03 97 8 42.2 56.3 5:40pm 31.3 6:04am 23 0 0.00 1 11 2:42pm N 30.07 79 9 45.5 52.5 3:22pm 39.6 2:20am 19 0 0.01 1 13 3:48pm SW 30.00 77 10 47.9 54.8 1:17pm 42.2 4:57am 17 0 0.21 1 13 1:04pm S 30.04 85 11 43.1 49.1 3:55pm 36.8 11:42pm 22 0 0.16 3 24 12:05pm SW 30.26 84 12 42.7 54.5 3:11pm 32.1 4:42am 22 0 0.00 0 8 1:00pm SW 30.17 73 13 41.8 45.7 1:08pm 38.2 10:13pm 23 0 0.16 1 21 3:15pm SW 30.01 90 14 41.1 44.5 12:19pm 38.0 6:20am 23 0 0.28 1 13 5:31pm S 30.21 99 15 43.5 50.8 5:19pm 36.9 3:20am 22 0 0.09 0 8 2:01pm N 30.13 100 16 46.8 51.6 2:21pm 40.5 11:57pm 18 0 0.05 3 19 2:55pm SW 30.04 84 17 42.1 51.0 2:48pm 35.5 6:00am 23 0 0.00 0 16 7:14pm N 30.08 70 18 39.2 46.4 4:49pm 34.4 7:08am 26 0 0.20 0 24 11:33am SW 30.11 94 19 41.8 53.6 5:56pm 33.5 4:49am 23 0 0.00 1 11 4:44pm W 30.22 79 20 41.9 53.3 5:42pm 31.0 6:46am 23 0 0.04 1 13 7:19pm N 29.99 72 21 42.2 50.7 2:52pm 35.5 6:47am 23 0 0.20 0 14 2:02pm SW 30.14 79 22 44.9 56.7 5:38pm 34.4 6:21am 20 0 0.00 2 14 4:48pm N 30.23 81 23 49.0 66.4 5:05pm 30.3 6:18am 16 0 0.00 1 13 2:00pm N 29.92 62 24 46.5 52.6 4:17pm 41.8 3:39am 18 0 0.33 0 11 8:23pm SW 29.87 89 25 44.1 48.2 5:18pm 41.2 1:19pm 21 0 0.55 1 19 4:43pm S 29.79 98 26 45.1 53.5 2:45pm 41.2 12:42am 20 0 0.17 1 12 3:10pm S 30.14 91 27 42.8 52.0 3:24pm 34.0 7:40pm 22 0 0.65 2 21 4:55pm S 30.12 91 28 41.9 48.0 3:51pm 37.6 12:00am 23 0 0.05 1 14 2:48pm S 30.15 88 29 45.5 54.8 5:26pm 38.3 5:20am 19 0 0.07 0 10 2:53pm SW 30.38 76 30 45.9 56.6 5:45pm 40.2 11:58pm 19 0 0.14 0 12 4:49pm N 30.51 88 --------------------------------------------------------------------------------------- TOT 43.2 66.4 4/23/11 30.3 4/23/11 648 0 6.43 1 24 4/11/11 S 30.10 87 HEAT BASE: 65.0 COOL BASE: 65.0