MONTHLY CLIMATOLOGICAL SUMMARY FOR 11/2010 HEAT COOL MEAN DEG DEG WIND SPEED DOM MEAN MEAN DAY TEMP HIGH TIME LOW TIME DAYS DAYS RAIN AVG HI TIME DIR BAROM HUM --------------------------------------------------------------------------------------- 1 52.1 55.6 1:50pm 48.0 12:00am 13 0 0.83 0 7 12:45am ENE 30.16 92 2 54.0 65.2 3:57pm 46.4 7:02am 11 0 0.01 1 11 1:32pm N 30.53 86 3 62.6 73.0 3:36pm 55.0 12:00am 4 1 0.00 1 13 4:59am SW 30.20 40 4 54.8 71.8 4:05pm 44.9 8:21am 11 0 0.00 0 6 12:17pm SW 30.06 74 5 49.4 54.7 2:28pm 43.3 7:17am 16 0 0.13 0 6 6:38pm WSW 29.90 94 6 50.8 53.8 2:17pm 48.6 1:12am 14 0 0.67 0 4 5:42pm WSW 29.79 97 7 48.0 53.6 1:03pm 42.5 11:58pm 17 0 0.35 0 18 3:12pm S 29.89 92 8 42.9 49.2 2:24pm 37.9 11:58pm 22 0 0.01 0 12 2:57pm S 30.12 87 9 41.8 44.6 4:54pm 37.6 12:04am 23 0 0.22 0 7 11:58am SW 29.87 86 10 41.2 53.3 2:30pm 33.7 7:27am 24 0 0.02 0 6 1:38pm WSW 30.21 88 11 41.7 52.2 11:52am 32.4 2:33am 23 0 0.11 0 6 12:23pm WSW 30.39 91 12 43.2 53.9 3:52pm 36.0 6:52am 22 0 0.00 0 3 10:31am NW 30.71 88 13 44.1 48.3 2:11pm 40.2 12:12am 21 0 0.22 0 4 6:53am N 30.54 94 14 50.8 52.8 6:57pm 46.0 12:09am 14 0 0.34 0 8 10:19pm SW 30.33 98 15 51.1 56.0 4:12pm 48.0 11:45pm 13 0 0.28 3 35 9:31pm S 30.13 95 16 48.1 50.5 1:57pm 44.3 11:07pm 17 0 0.01 1 25 12:30am S 30.11 80 17 43.7 53.1 11:54am 38.6 10:10pm 21 0 0.48 1 20 12:56pm SW 29.84 87 18 39.6 43.9 2:03pm 36.2 5:19am 25 0 0.29 0 18 2:08am S 29.92 92 19 40.4 47.6 12:47pm 37.5 7:13am 25 0 0.08 0 7 1:32pm N 29.78 88 20 37.7 43.5 12:48pm 28.7 11:58pm 27 0 0.00 2 14 1:44pm N 29.75 82 21 31.8 34.0 2:16pm 28.2 12:35am 33 0 0.04 1 18 10:44pm N 29.79 91 22 28.3 34.3 2:29pm 23.2 10:23pm 37 0 0.10 2 19 7:01pm N 29.77 90 23 19.3 24.7 2:42pm 12.6 11:54pm 46 0 0.00 1 19 1:03am N 30.19 85 24 21.3 27.6 3:23pm 10.9 12:57am 44 0 0.00 0 4 3:08pm N 30.46 82 25 32.9 36.8 7:20pm 27.0 12:00am 32 0 0.17 0 2 8:57am SW 30.31 95 26 37.7 42.1 1:40pm 35.0 12:00am 27 0 0.27 0 8 6:07am ENE 29.95 93 27 35.8 39.3 2:02pm 31.8 7:17am 29 0 0.05 0 5 10:42pm NW 29.86 97 28 36.5 40.1 1:40pm 33.4 11:16pm 29 0 0.04 0 7 3:12am N 30.18 96 29 37.8 43.6 1:31pm 33.1 12:12am 27 0 0.12 0 7 9:24pm NE 30.37 89 30 39.5 43.2 9:25pm 37.0 2:26am 26 0 0.63 0 11 4:17am ENE 30.08 100 --------------------------------------------------------------------------------------- TOT 42.0 73.0 11/3/10 10.9 11/24/10 692 2 5.47 0 35 11/15/10 N 30.11 88 HEAT BASE: 65.0 COOL BASE: 65.0