MONTHLY CLIMATOLOGICAL SUMMARY FOR 3/2009 HEAT COOL MEAN DEG DEG WIND SPEED DOM MEAN MEAN DAY TEMP HIGH TIME LOW TIME DAYS DAYS RAIN AVG HI TIME DIR BAROM HUM --------------------------------------------------------------------------------------- 1 49.0 55.3 12:25pm 45.2 5:10pm 16 0 0.20 1 13 5:45pm N 29.84 66 2 50.2 59.0 2:23pm 39.9 9:09pm 15 0 0.07 2 25 4:14am S 29.69 66 3 44.7 55.1 2:38pm 39.9 11:54pm 20 0 0.25 0 11 2:25pm NW 29.77 80 4 41.8 45.2 2:25pm 38.0 7:04am 23 0 0.12 0 14 11:09pm SE 29.96 89 5 38.2 43.2 12:42am 29.1 11:59pm 27 0 0.12 2 20 5:39am SE 29.95 88 6 33.5 47.1 3:52pm 25.0 7:00am 32 0 0.00 0 8 12:38pm S 30.29 72 7 37.3 42.3 6:56am 29.5 12:00am 28 0 0.02 3 28 2:31pm SE 30.12 77 8 32.7 39.2 4:36pm 29.4 1:29am 31 0 0.29 0 3 3:14pm N 30.10 93 9 32.3 38.8 2:20pm 29.0 9:47pm 33 0 0.10 0 16 2:44pm ESE 30.11 92 10 31.1 41.9 5:48pm 24.2 7:14am 34 0 0.06 0 10 3:08pm WNW 30.43 78 11 33.7 45.5 5:43pm 25.1 6:34am 29 0 0.00 1 16 2:26pm NW 30.50 66 12 38.2 54.7 4:43pm 25.7 8:01am 27 0 0.00 1 11 11:58am WNW 30.47 53 13 42.0 57.0 5:22pm 28.5 7:43am 23 0 0.00 0 10 5:45pm S 30.15 60 14 40.5 44.9 1:39pm 36.8 11:57pm 24 0 0.52 1 18 9:47pm SE 29.76 87 15 36.9 44.3 1:44pm 32.9 5:39am 28 0 0.65 2 30 1:57pm ESE 29.57 91 16 37.2 41.2 2:58pm 33.5 7:36am 28 0 0.60 0 16 4:36pm ESE 30.00 91 17 38.3 45.5 2:02pm 32.8 7:08am 27 0 0.49 1 17 3:35pm ESE 30.33 89 18 43.3 53.1 3:52pm 34.6 12:30am 22 0 0.00 1 13 1:00pm SSE 30.38 80 19 44.9 50.4 3:16pm 40.6 2:37am 20 0 0.14 0 5 4:10pm S 30.12 93 20 45.0 52.5 2:50pm 37.0 11:46pm 20 0 0.23 1 30 3:33pm SSE 29.96 91 21 39.7 49.1 3:04pm 30.6 7:17am 25 0 0.03 0 11 2:30pm S 29.90 86 22 40.1 46.1 4:04pm 35.0 4:08am 25 0 0.04 1 17 5:51pm ESE 30.05 86 23 39.8 45.2 12:33pm 32.8 7:21am 25 0 0.10 0 14 1:15pm ESE 30.41 79 24 43.2 47.3 1:20pm 38.9 12:11am 22 0 0.07 1 20 12:04pm ESE 30.33 87 25 39.2 45.2 5:38pm 32.9 11:39pm 26 0 0.88 0 17 12:33am SE 30.20 92 26 40.4 53.2 4:36pm 29.8 6:49am 25 0 0.00 0 6 1:30pm W 30.39 77 27 43.2 50.4 5:13pm 36.9 1:39am 22 0 0.01 0 16 8:54pm ESE 30.31 87 28 37.9 42.6 12:00am 34.0 11:51pm 27 0 0.59 1 10 8:27am WNW 30.05 88 29 38.6 50.2 5:51pm 33.4 6:34am 26 0 0.08 0 12 3:13pm SE 30.17 84 30 40.4 44.3 4:06pm 33.7 12:04am 24 0 0.00 0 13 12:10pm SE 30.38 79 31 41.6 46.4 10:26am 37.6 12:34pm 23 0 0.62 3 28 10:18am SE 30.10 81 --------------------------------------------------------------------------------------- TOT 39.9 59.0 3/2/09 24.2 3/10/09 775 0 6.28 1 30 3/15/09 SE 30.12 82 HEAT BASE: 65.0 COOL BASE: 65.0