MONTHLY CLIMATOLOGICAL SUMMARY FOR 2/2008 HEAT COOL MEAN DEG DEG WIND SPEED DOM MEAN MEAN DAY TEMP HIGH TIME LOW TIME DAYS DAYS RAIN AVG HI TIME DIR BAROM HUM --------------------------------------------------------------------------------------- 1 36.9 39.1 11:56am 34.7 11:52pm 28 0 0.10 1 17 11:27am S 29.86 95 2 35.3 39.6 2:49pm 32.2 11:14pm 30 0 0.02 0 7 1:29pm N 29.58 91 3 34.2 38.3 3:00pm 31.2 5:12am 31 0 0.00 0 5 12:12pm WSW 29.68 87 4 35.8 40.2 3:29pm 30.6 7:32am 29 0 0.01 0 10 4:09pm S 30.16 88 5 38.6 46.5 12:13pm 35.6 2:01am 26 0 0.30 2 27 1:14pm S 30.03 93 6 37.1 42.6 11:59pm 35.6 4:49am 28 0 0.18 1 20 11:57pm S 30.04 96 7 41.0 43.2 12:34am 38.6 6:56am 24 0 0.18 6 33 12:59am SSW 29.88 91 8 40.3 43.6 11:40pm 38.6 2:06pm 25 0 1.27 2 24 9:09am SSW 30.09 96 9 45.6 49.1 1:21pm 43.1 11:44pm 19 0 0.14 0 7 12:00am SSW 30.12 100 10 44.5 46.2 10:15am 42.1 11:56pm 21 0 0.43 2 22 3:43pm SSW 30.08 98 11 43.1 47.4 3:52pm 39.8 6:51am 22 0 0.04 0 2 1:32pm S 30.31 91 12 43.5 48.5 1:35pm 39.6 11:13pm 21 0 0.04 1 25 5:31pm SSW 30.13 86 13 38.6 44.1 2:00pm 31.2 11:27pm 26 0 0.00 0 10 12:56pm N 30.20 80 14 36.9 48.2 2:32pm 29.3 4:05am 28 0 0.00 0 7 3:30pm N 30.32 75 15 38.2 42.8 6:16pm 32.4 3:38am 27 0 0.07 0 6 6:08pm SSW 30.20 86 16 40.8 46.4 3:29pm 33.1 11:40pm 24 0 0.02 0 5 12:53pm N 30.29 86 17 37.2 53.9 3:17pm 28.4 7:37am 28 0 0.01 0 7 10:39am SW 30.24 79 18 37.0 64.2 4:02pm 27.9 6:55am 28 0 0.00 0 5 8:08am WSW 30.00 79 19 39.7 54.4 2:27pm 30.4 7:03am 25 0 0.00 0 7 12:27pm WSW 29.95 78 20 44.1 50.8 3:04pm 35.0 11:19pm 20 0 0.00 0 8 9:46am SW 29.98 74 21 40.4 58.4 4:17pm 31.0 6:07am 25 0 0.00 0 6 9:35am NW 29.75 81 22 46.8 57.5 3:55pm 39.2 4:57am 18 0 0.01 1 16 1:56pm SW 29.75 65 23 44.3 55.4 3:17pm 31.9 7:31am 21 0 0.00 1 14 9:14pm N 29.88 66 24 48.4 58.7 3:35pm 41.6 7:49am 17 0 0.00 0 12 12:40am N 29.71 61 25 45.3 52.9 1:20pm 38.5 11:26pm 20 0 0.06 0 16 2:07pm SSW 30.27 87 26 43.9 58.0 2:52pm 34.1 6:10am 21 0 0.00 0 7 3:32pm WSW 30.29 88 27 45.4 52.3 4:06pm 38.0 5:00am 20 0 0.16 0 7 11:56pm WSW 30.19 93 28 48.2 57.8 4:49pm 41.8 9:25pm 17 0 0.11 0 8 2:07pm N 30.13 95 29 46.7 59.8 2:22pm 41.2 2:46am 18 0 0.53 2 34 3:39pm SW 29.82 88 --------------------------------------------------------------------------------------- TOT 41.3 64.2 2/18/08 27.9 2/18/08 686 0 3.68 1 34 2/29/08 S 30.03 85 HEAT BASE: 65.0 COOL BASE: 65.0