MONTHLY CLIMATOLOGICAL SUMMARY FOR 1/2008 HEAT COOL MEAN DEG DEG WIND SPEED DOM MEAN MEAN DAY TEMP HIGH TIME LOW TIME DAYS DAYS RAIN AVG HI TIME DIR BAROM HUM --------------------------------------------------------------------------------------- 1 43.4 45.7 12:19pm 41.3 12:00am 22 0 0.00 1 17 7:42am WSW 30.10 33 2 39.5 43.3 12:14am 35.0 4:28am 25 0 0.33 0 13 12:00am ENE 29.85 76 3 43.7 50.5 3:54pm 39.2 2:00am 21 0 0.15 0 14 5:59pm SSW 29.48 79 4 48.1 52.9 6:00pm 41.3 1:34am 13 0 0.00 2 24 10:39pm SSW 28.96 67 5 41.3 47.1 12:41am 34.9 9:30pm 23 0 0.05 1 22 1:13am SSW 29.29 80 6 34.5 40.9 3:09pm 32.1 3:08am 30 0 0.11 0 4 1:57pm ENE 29.55 97 7 35.2 40.3 1:52pm 32.7 6:48pm 29 0 0.08 0 10 2:00pm SSW 29.82 92 8 37.1 40.9 8:48pm 33.7 4:46am 28 0 0.34 0 19 8:55pm SSW 29.59 89 9 39.0 42.8 1:00pm 35.9 10:50pm 25 0 0.17 1 14 3:28am SSW 29.96 76 10 43.0 47.3 12:44pm 36.8 12:00am 21 0 0.76 1 17 6:47am SSW 29.73 93 11 43.0 45.5 2:41pm 40.8 11:23pm 22 0 0.20 1 20 6:32am SSW 30.01 94 12 43.9 48.0 1:47pm 40.3 1:01am 21 0 0.20 0 19 7:51pm S 30.09 86 13 40.7 53.8 3:21pm 31.8 11:20pm 24 0 0.00 0 2 1:25am SW 30.30 85 14 35.0 45.4 2:17pm 30.1 5:00am 30 0 0.17 2 33 2:17pm S 30.07 97 15 31.5 41.5 3:04pm 27.8 7:39am 34 0 0.00 0 6 11:30am N 30.53 85 16 34.3 39.3 1:05pm 30.6 12:00am 31 0 0.00 0 7 1:49pm N 30.56 71 17 34.9 38.6 3:06pm 31.9 11:00pm 30 0 0.00 0 2 10:17am SW 30.46 80 18 34.7 43.8 3:06pm 30.1 9:45pm 30 0 0.00 0 9 3:37pm NNW 30.44 79 19 37.3 41.3 12:57pm 31.3 12:00am 28 0 0.12 0 19 11:42am S 30.11 84 20 29.3 42.3 2:39pm 30.6 10:57pm 36 0 0.01 1 13 5:45pm N 30.02 60 21 27.5 41.2 3:03pm 24.4 8:10am 38 0 0.00 1 11 1:36pm ENE 30.29 27 22 30.0 44.6 3:13pm 21.0 8:06am 35 0 0.00 0 6 2:50pm NW 30.30 56 23 32.9 47.7 2:56pm 22.4 7:57am 32 0 0.00 0 8 3:39pm SW 30.06 52 24 36.0 47.9 2:51pm 29.8 11:59pm 29 0 0.00 0 11 1:50pm ENE 29.69 41 25 30.5 46.5 3:20pm 23.5 8:12am 35 0 0.00 0 5 1:30pm NNW 29.97 65 26 30.1 36.8 11:09pm 22.4 5:25am 35 0 0.43 0 17 11:05pm SW 29.75 89 27 33.2 37.5 4:12pm 30.3 10:32pm 30 0 0.02 0 11 12:00am SW 29.44 93 28 32.8 35.3 6:01pm 30.6 12:00am 32 0 0.03 0 11 6:19pm S 29.66 97 29 35.3 39.9 6:28am 32.7 12:45am 30 0 0.17 2 19 1:42pm S 29.62 96 30 37.5 43.3 10:12pm 33.1 5:00am 27 0 0.06 1 24 11:09pm S 29.80 95 31 37.5 42.2 12:00am 34.0 10:28am 27 0 0.32 1 22 12:00am S 29.60 96 --------------------------------------------------------------------------------------- TOT 36.4 53.8 1/13/08 21.0 1/22/08 874 0 3.72 1 33 1/14/08 S 29.92 78 HEAT BASE: 65.0 COOL BASE: 65.0