MONTHLY CLIMATOLOGICAL SUMMARY FOR 12/2005 HEAT COOL MEAN DEG DEG WIND SPEED DOM MEAN MEAN DAY TEMP HIGH TIME LOW TIME DAYS DAYS RAIN AVG HI TIME DIR BAROM HUM --------------------------------------------------------------------------------------- 1 36.5 40.1 10:12am 32.7 10:25pm 28 0 0.05 1 22 7:47am ENE 29.55 73 2 33.9 36.3 1:40pm 32.4 9:07pm 31 0 0.29 0 1 12:00am S 29.75 95 3 34.6 38.6 2:15pm 29.0 11:50pm 30 0 0.18 0 11 5:48am SSW 30.22 93 4 33.3 40.3 2:49pm 27.6 6:14am 32 0 0.02 0 2 12:30pm SSE 30.50 90 5 38.6 43.2 1:46pm 36.0 12:00am 26 0 0.00 0 0 12:00am N 30.43 92 6 38.2 42.9 1:47pm 33.5 12:00am 27 0 0.00 0 8 10:32am NE 30.31 81 7 37.6 40.2 1:22pm 34.4 11:45pm 27 0 0.00 0 11 5:51pm NE 30.18 50 8 35.8 47.0 2:50pm 30.1 8:12am 29 0 0.00 0 7 2:01am N 30.28 51 9 33.9 47.3 2:43pm 27.8 11:57pm 31 0 0.00 0 6 12:30pm N 30.41 76 10 31.6 51.1 3:05pm 25.3 7:24am 33 0 0.00 0 3 10:38am SW 30.31 88 11 33.2 46.8 2:47pm 27.0 7:24am 32 0 0.01 0 3 11:45am SW 30.15 91 12 36.4 40.9 3:30pm 29.4 2:28am 29 0 0.03 0 6 7:06am ENE 30.11 86 13 36.1 43.2 12:58pm 29.3 11:59pm 29 0 0.02 0 7 2:28pm NNW 30.31 94 14 29.1 35.9 3:41pm 25.3 5:54am 36 0 0.00 0 5 10:48pm SW 30.31 94 15 27.0 33.2 2:37pm 22.7 5:17am 38 0 0.01 0 2 12:35am SW 30.15 92 16 28.9 39.8 2:54pm 21.3 3:42am 35 0 0.00 0 7 11:04pm SW 29.98 87 17 36.9 40.1 12:58am 33.8 11:49pm 28 0 0.00 2 21 10:02am ENE 30.00 36 18 42.9 47.9 9:59pm 37.3 2:18am 20 0 0.10 2 18 3:30am ENE 29.95 61 19 42.9 47.9 9:59pm 37.3 2:18am 21 0 0.00 2 18 3:30am ENE 29.95 62 20 47.6 51.6 11:06am 44.5 6:31am 17 0 0.23 2 14 12:30am E 29.96 76 21 46.9 48.8 3:35pm 45.2 8:08am 17 0 0.42 1 11 3:59pm ENE 29.79 88 22 48.4 54.8 11:32am 44.1 12:00am 17 0 0.44 0 11 6:47pm S 29.68 92 23 48.0 51.7 11:45am 44.3 6:39am 17 0 0.91 1 10 12:01am ENE 30.07 91 24 52.5 58.0 1:01pm 47.4 5:16am 13 0 0.26 1 12 12:04am ENE 29.85 90 25 49.6 54.1 12:59am 45.4 10:02pm 15 0 0.41 1 32 7:13am S 29.60 91 26 45.5 49.5 3:31pm 39.6 8:27pm 19 0 0.30 0 12 1:32pm S 29.69 86 27 45.4 51.6 1:53pm 42.3 12:42am 18 0 0.24 0 12 2:55am ENE 29.79 76 28 46.5 49.4 1:04am 41.5 11:44pm 19 0 0.57 2 24 1:22pm S 29.70 72 29 42.3 46.7 12:38pm 39.5 6:48am 23 0 0.21 0 13 9:24pm ENE 29.88 96 30 42.4 45.7 11:42pm 41.1 12:00am 23 0 0.42 0 11 9:33am ENE 29.26 100 31 44.4 46.2 5:34pm 42.8 7:18am 21 0 0.44 0 10 7:49pm ENE 29.26 100 --------------------------------------------------------------------------------------- TOT 39.4 58.0 12/24/05 21.3 12/16/05 782 0 5.56 1 32 12/25/05 ENE 29.98 82 HEAT BASE: 65.0 COOL BASE: 65.0