MONTHLY CLIMATOLOGICAL SUMMARY FOR 5/2005 HEAT COOL MEAN DEG DEG WIND SPEED DOM MEAN MEAN DAY TEMP HIGH TIME LOW TIME DAYS DAYS RAIN AVG HI TIME DIR BAROM HUM --------------------------------------------------------------------------------------- 1 55.7 70.4 3:53pm 40.8 5:52am 10 1 0.00 1 11 3:56pm NW 30.06 76 2 54.9 58.4 10:54am 51.9 5:52am 10 0 0.08 1 12 11:28am SW 30.08 89 3 55.7 66.4 3:50pm 49.4 7:36am 9 0 0.01 1 10 4:59pm SW 30.01 77 4 57.0 64.8 1:28pm 51.3 12:37am 8 0 0.10 0 8 1:47pm N 29.93 84 5 56.7 67.3 5:53pm 48.5 6:00am 8 0 0.06 1 8 12:58pm SW 29.85 84 6 55.8 64.7 5:40pm 48.9 3:40am 9 0 0.00 2 17 5:20pm SW 29.81 77 7 54.3 62.7 6:28pm 49.8 3:40am 11 0 0.00 0 8 2:20pm SW 29.93 72 8 53.0 64.0 1:25pm 44.5 5:22am 12 0 0.08 0 10 3:31pm NW 29.80 83 9 53.9 56.7 3:37pm 51.6 6:19am 11 0 0.09 1 8 7:52am N 29.66 92 10 54.8 59.9 2:01pm 50.7 5:14am 10 0 0.09 1 12 10:55am SW 29.97 86 11 54.1 59.0 2:55pm 49.2 6:09am 11 0 0.04 0 7 12:43pm SW 30.16 82 12 55.7 63.2 7:06pm 51.9 10:51pm 9 0 0.05 0 6 2:05pm SW 30.08 81 13 58.4 69.6 1:06pm 45.4 5:48am 8 1 0.02 0 8 1:21pm WSW 30.01 75 14 62.0 70.4 4:27pm 55.4 3:44am 4 1 0.06 1 13 2:43pm NW 29.98 82 15 57.3 60.9 1:08am 52.3 10:34pm 8 0 0.09 0 13 1:44pm SW 29.77 94 16 52.9 58.6 5:12pm 46.7 5:19am 12 0 0.08 1 17 5:11pm N 29.71 86 17 52.9 62.4 6:28pm 43.2 5:46am 12 0 0.06 0 10 11:11am WSW 29.68 73 18 55.1 65.6 1:31pm 50.1 3:08am 10 0 0.07 2 28 4:00pm SW 29.49 81 19 53.1 61.5 11:53am 47.4 11:23pm 12 0 0.07 1 27 12:44pm S 29.88 77 20 51.3 59.9 2:53pm 47.0 6:20am 14 0 0.07 0 25 3:05pm S 30.02 85 21 51.5 61.8 2:34pm 42.8 1:06am 13 0 0.05 1 22 11:05pm SSW 30.08 80 22 50.6 58.0 3:23pm 43.1 5:52am 14 0 0.05 2 24 1:05pm S 30.13 77 23 51.9 63.9 4:46pm 39.8 6:17am 13 0 0.06 1 14 7:40pm N 30.23 70 24 53.5 66.0 5:28pm 41.1 4:00am 12 0 0.06 3 20 9:54am N 30.30 70 25 62.8 82.8 4:57pm 42.2 5:20am 8 5 0.06 1 14 4:03pm NE 30.19 54 26 76.4 89.3 4:55pm 62.3 5:03am 0 11 0.32 1 16 12:48pm NE 29.98 24 27 73.5 88.0 3:17pm 57.6 1:10am 1 7 0.00 2 13 4:23pm NW 29.85 41 28 66.9 79.0 5:35pm 54.1 5:36am 3 12 0.00 2 13 3:57pm SW 29.79 68 29 59.3 62.1 1:12pm 55.4 4:03am 5 0 0.00 0 8 12:00am SW 29.96 77 30 59.2 62.4 12:52pm 55.6 4:13am 6 0 0.00 1 10 12:56pm SW 30.05 80 31 55.9 62.9 3:41pm 51.9 5:15am 9 0 0.08 1 24 4:08pm SSW 30.02 81 --------------------------------------------------------------------------------------- TOT 56.8 89.3 5/26/05 39.8 5/23/05 283 39 1.80 1 28 5/18/05 SW 29.95 76 HEAT BASE: 65.0 COOL BASE: 65.0