MONTHLY CLIMATOLOGICAL SUMMARY FOR 11/2004 HEAT COOL MEAN DEG DEG WIND SPEED DOM MEAN MEAN DAY TEMP HIGH TIME LOW TIME DAYS DAYS RAIN AVG HI TIME DIR BAROM HUM --------------------------------------------------------------------------------------- 1 46.6 59.2 11:11pm 40.2 12:35am 18 0 0.01 0 16 11:15pm S 30.21 79 2 46.9 59.3 12:01am 39.5 8:12pm 18 0 0.29 1 16 12:00am N 30.12 91 3 41.6 49.5 1:01pm 32.2 11:59pm 23 0 0.04 1 12 12:55pm N 30.49 85 4 37.2 52.3 2:55pm 29.7 7:06am 28 0 0.00 0 6 11:03am SW 30.35 87 5 37.7 52.3 2:32pm 30.0 7:31am 27 0 0.01 0 5 11:01am SW 30.19 88 6 45.2 56.0 1:10pm 33.5 12:38am 20 0 0.00 0 5 11:34am SW 30.11 85 7 48.6 60.1 2:25pm 40.1 6:24am 16 0 0.00 0 3 2:33pm N 30.04 82 8 43.6 56.6 2:39pm 35.5 7:12am 21 0 0.00 0 8 11:27am NNW 29.95 90 9 46.9 54.1 2:25pm 41.1 10:21pm 18 0 0.01 0 6 4:50pm NW 30.07 89 10 44.8 48.8 2:19pm 41.3 12:00am 20 0 0.00 0 5 11:46am N 30.14 91 11 41.3 47.9 3:18pm 33.5 11:53pm 24 0 0.00 0 3 12:00am NW 30.15 93 12 40.9 48.2 2:03pm 33.2 5:13am 24 0 0.00 0 7 5:33am SW 30.11 92 13 47.3 55.3 2:42pm 42.6 10:07pm 18 0 0.07 0 7 2:43pm N 30.21 91 14 51.7 54.1 10:26pm 47.4 7:25am 13 0 0.01 1 12 11:36am ENE 30.04 62 15 51.0 60.7 5:13am 47.0 12:03am 14 0 0.23 1 28 6:12am SW 29.96 78 16 46.5 53.9 12:33pm 39.5 11:58pm 19 0 0.12 1 17 12:43pm S 30.17 89 17 40.8 51.4 2:13pm 34.6 12:56am 24 0 0.07 0 5 1:57pm SSW 30.27 89 18 44.3 47.4 11:00am 40.1 5:37am 21 0 0.50 1 18 1:08am S 30.27 86 19 41.1 48.6 2:33pm 31.5 11:53pm 24 0 0.00 1 11 2:35pm N 30.47 80 20 35.5 46.8 3:20pm 29.0 7:30am 29 0 0.01 0 5 10:34am SW 30.45 86 21 39.3 48.5 2:40pm 31.6 2:50am 26 0 0.00 0 3 12:04pm SW 30.31 84 22 45.1 48.3 2:11pm 39.9 12:00am 20 0 0.06 0 3 12:57pm SW 30.14 94 23 47.3 50.5 11:59pm 43.9 8:00am 18 0 0.47 0 2 9:52am SSE 30.11 95 24 53.2 56.3 3:38pm 50.5 12:00am 12 0 0.48 3 19 4:10pm S 29.97 87 25 47.2 51.7 12:45am 43.2 7:33pm 18 0 0.32 2 18 1:31pm S 29.98 83 26 40.0 46.4 12:45pm 32.4 1:18am 25 0 0.08 0 7 11:41am S 30.16 86 27 39.4 42.5 12:14pm 34.0 12:59am 26 0 0.23 1 19 12:40pm N 30.17 92 28 36.3 45.5 2:36pm 29.5 12:28am 29 0 0.00 0 7 12:12pm N 30.44 88 29 33.7 39.3 1:30pm 27.0 7:52am 31 0 0.10 0 8 11:22am WSW 30.32 90 30 40.5 43.1 1:48pm 37.6 2:56am 25 0 0.38 0 5 8:38pm NNW 30.28 95 --------------------------------------------------------------------------------------- TOT 43.4 60.7 11/15/04 27.0 11/29/04 648 0 3.50 1 28 11/15/04 S 30.19 87 HEAT BASE: 65.0 COOL BASE: 65.0