MONTHLY CLIMATOLOGICAL SUMMARY FOR 6/2004 HEAT COOL MEAN DEG DEG WIND SPEED DOM MEAN MEAN DAY TEMP HIGH TIME LOW TIME DAYS DAYS RAIN AVG HI TIME DIR BAROM HUM --------------------------------------------------------------------------------------- 1 57.0 67.6 5:25pm 45.1 12:00am 8 0 0.00 1 12 3:31pm NW 30.06 71 2 58.4 70.4 5:07pm 45.8 5:43am 7 1 0.00 2 16 2:52pm NNW 30.05 74 3 62.7 80.1 4:17pm 48.0 12:55am 6 4 0.00 1 11 4:34pm SW 29.97 70 4 64.7 79.9 4:23pm 50.8 6:00am 5 4 0.00 1 18 8:45pm SW 30.01 64 5 56.5 63.5 1:37pm 51.6 11:53pm 8 0 0.49 1 16 1:14pm SSW 29.96 84 6 55.7 63.2 2:18pm 51.3 1:56am 9 0 0.11 2 18 3:38pm SW 29.85 76 7 54.2 59.8 6:33pm 49.1 5:16am 11 0 0.05 1 10 4:36pm N 29.90 85 8 62.3 74.6 6:20pm 53.1 6:05am 5 2 0.04 1 13 4:06pm NW 29.88 74 9 59.4 63.5 2:31pm 55.6 5:16am 6 0 0.01 2 12 4:02pm SW 29.89 82 10 55.3 59.5 2:20pm 52.2 7:23am 10 0 0.00 3 26 1:55pm S 30.02 76 11 54.0 58.0 5:55pm 50.8 12:33am 11 0 0.00 1 12 8:10am S 30.12 71 12 54.6 64.2 3:07pm 44.3 6:13am 10 0 0.09 1 12 11:39am SW 30.05 75 13 56.1 61.8 4:23pm 52.9 4:18am 9 0 0.19 3 20 1:40pm SW 30.09 78 14 55.8 62.3 5:27pm 50.7 3:53am 9 0 0.01 2 14 5:15pm SSW 30.26 67 15 58.1 68.9 6:32pm 44.5 6:12am 8 1 0.00 4 17 4:30pm N 30.28 65 16 62.6 77.2 5:03pm 45.5 5:01am 6 4 0.00 2 17 3:40pm N 30.16 62 17 69.0 83.0 4:14pm 52.3 5:40am 3 7 0.00 4 22 5:21pm N 30.03 56 18 74.3 83.2 2:35pm 59.8 11:48pm 0 9 0.05 2 21 4:38pm N 29.99 37 19 66.8 84.5 3:33pm 51.6 6:09am 4 5 0.00 1 19 5:54pm NNW 30.07 54 20 69.3 84.3 6:00pm 51.7 5:00am 3 8 0.00 2 12 2:30pm NNW 30.07 48 21 70.2 87.4 4:30pm 53.2 6:00am 3 8 0.00 1 13 6:30pm SW 29.95 54 22 65.3 74.9 5:00pm 56.6 7:00am 3 3 0.00 2 11 4:00pm SW 29.90 59 23 61.1 64.8 4:30pm 57.6 5:30am 4 0 0.00 1 7 12:00am SW 30.03 77 24 61.1 64.5 5:00pm 57.8 7:00am 4 0 0.00 1 8 9:30pm SW 30.11 80 25 62.3 73.9 6:30pm 58.4 1:00am 4 2 0.00 1 10 10:00pm NNW 30.16 26 26 64.7 75.8 6:29pm 52.3 5:30am 4 3 0.00 2 14 3:28pm WSW 30.13 56 27 64.3 75.1 4:54pm 52.0 5:30am 4 3 0.00 2 16 4:06pm N 30.15 67 28 64.8 78.1 5:46pm 49.9 5:55am 4 4 0.00 3 13 8:43am N 30.08 63 29 65.1 78.8 6:10pm 50.2 1:12am 4 5 0.00 1 13 1:37pm NNW 29.97 62 30 64.3 78.3 7:04pm 51.3 5:49am 5 4 0.00 1 11 2:38pm WSW 29.98 70 --------------------------------------------------------------------------------------- TOT 61.7 87.4 6/21/04 44.3 6/12/04 177 77 1.09 2 26 6/10/04 N 30.04 66 HEAT BASE: 65.0 COOL BASE: 65.0