MONTHLY CLIMATOLOGICAL SUMMARY FOR 2/2004 HEAT COOL MEAN DEG DEG WIND SPEED DOM MEAN MEAN DAY TEMP HIGH TIME LOW TIME DAYS DAYS RAIN AVG HI TIME DIR BAROM HUM --------------------------------------------------------------------------------------- 1 39.9 44.9 3:34pm 35.8 7:02pm 49 0 0.00 0 8 10:32pm S 29.89 78 2 42.1 44.9 2:56pm 36.9 6:26am 21 0 0.06 1 20 10:12am E 29.69 59 3 43.6 49.5 2:31pm 40.3 7:06am 21 0 0.06 0 5 4:55am W 29.82 73 4 40.2 43.9 2:23pm 33.4 11:57pm 25 0 0.33 0 8 3:33am S 30.14 93 5 36.9 45.4 11:05pm 29.7 7:27am 28 0 0.01 0 11 8:23pm SSW 30.26 85 6 42.6 45.5 1:41am 38.6 10:27pm 22 0 0.17 1 12 12:43am ENE 30.04 80 7 41.0 44.3 2:48pm 38.5 10:57pm 24 0 0.04 0 5 10:38am S 30.36 92 8 38.9 43.9 2:24pm 33.2 11:59pm 26 0 0.01 1 10 12:29pm N 30.52 90 9 34.9 45.8 4:31pm 29.0 6:58am 30 0 0.00 0 10 1:54pm NW 30.53 89 10 35.5 51.6 3:29pm 27.6 5:51am 30 0 0.00 0 7 12:23pm SW 30.38 86 11 43.5 58.1 2:19pm 29.7 1:42am 22 0 0.01 1 16 12:58pm ENE 30.24 59 12 48.7 59.9 3:14pm 41.6 4:34am 16 0 0.00 0 12 9:55pm ENE 30.08 37 13 47.6 56.6 1:14pm 40.9 8:12am 17 0 0.00 1 13 1:07pm NE 29.94 40 14 43.7 51.4 3:10pm 38.3 3:21am 21 0 0.28 0 10 7:42pm ENE 29.99 87 15 44.6 53.6 3:59pm 38.6 4:14am 20 0 0.03 1 17 10:55am S 29.99 74 16 44.0 50.1 5:47am 38.6 11:36pm 21 0 0.40 1 19 6:24am ENE 29.83 77 17 44.4 50.7 11:06am 37.0 1:14am 21 0 0.15 1 14 8:33am ENE 29.81 74 18 44.2 49.6 1:35pm 39.5 4:19am 21 0 0.11 1 12 11:45am S 29.96 88 19 43.6 49.1 2:10pm 37.2 11:01pm 21 0 0.00 0 11 10:28am S 30.23 84 20 39.2 52.5 2:49pm 31.5 1:16am 26 0 0.00 1 11 3:49pm N 30.11 83 21 42.4 55.0 1:15pm 30.4 7:16am 23 0 0.00 1 13 1:17pm E 29.84 66 22 49.7 58.9 2:30pm 41.9 7:16am 15 0 0.00 1 19 12:28pm ENE 29.70 44 23 45.3 50.8 2:40pm 40.6 6:58am 20 0 0.00 0 5 12:50pm NNW 29.74 72 24 45.9 53.2 12:07pm 38.9 11:43pm 19 0 0.03 2 26 12:51pm S 29.69 71 25 46.0 51.0 10:10am 38.0 12:10am 19 0 0.03 2 27 6:16am ENE 29.46 57 26 44.0 53.3 1:43pm 38.3 1:34am 21 0 0.27 0 11 3:51pm NW 29.47 82 27 44.4 50.2 4:13pm 41.1 3:11am 21 0 0.19 1 8 1:51pm NNW 29.90 89 28 44.4 50.4 4:14pm 41.6 3:25am 21 0 0.03 0 10 12:12pm S 30.16 88 29 43.4 50.7 1:07pm 38.6 6:44am 22 0 0.04 0 10 1:49pm N 30.02 82 --------------------------------------------------------------------------------------- TOT 42.9 59.9 2/12/04 27.6 2/10/04 662 0 2.25 1 27 2/25/04 S 29.99 75 HEAT BASE: 65.0 COOL BASE: 65.0