MONTHLY CLIMATOLOGICAL SUMMARY FOR 1/2004 HEAT COOL MEAN DEG DEG WIND SPEED DOM MEAN MEAN DAY TEMP HIGH TIME LOW TIME DAYS DAYS RAIN AVG HI TIME DIR BAROM HUM --------------------------------------------------------------------------------------- 1 32.6 35.2 10:40am 30.6 2:41am 32 0 0.01 1 17 7:40am N 29.55 80 2 33.1 35.8 2:55pm 31.9 1:03am 32 0 0.11 0 2 11:21am SSE 29.86 94 3 29.4 35.0 4:17am 23.2 10:20pm 36 0 0.02 3 14 1:32pm N 30.02 88 4 21.9 28.8 3:02pm 18.1 11:47pm 43 0 0.02 2 11 1:05am N 30.36 67 5 21.6 24.4 2:04pm 18.1 12:00am 43 0 0.00 1 12 11:20am ENE 30.43 42 6 24.5 27.8 11:16pm 21.4 10:17am 40 0 0.00 2 16 1:41pm ENE 29.95 72 7 32.0 36.2 9:37pm 27.3 12:55am 73 0 0.07 1 16 12:04am ENE 29.74 87 8 40.2 46.0 10:15pm 35.2 12:33am 24 0 0.76 1 13 10:14pm ENE 29.96 79 9 47.6 53.3 1:24pm 41.6 9:03pm 17 0 0.11 1 20 8:02am ENE 29.94 69 10 42.8 47.6 1:28pm 35.8 11:45pm 21 0 0.17 0 3 11:47am ENE 30.13 94 11 42.2 51.9 3:09pm 33.7 3:38am 22 0 0.00 0 11 9:42pm SW 30.02 81 12 45.9 50.5 12:00pm 40.2 9:59am 19 0 0.07 1 8 12:59am ENE 30.02 74 13 48.8 56.3 2:38pm 40.1 2:53am 16 0 0.01 1 12 12:54pm ENE 30.13 73 14 48.3 53.5 12:00am 45.2 11:14pm 17 0 0.35 0 11 1:24am ENE 30.02 86 15 46.9 48.8 9:36am 44.6 1:46am 18 0 0.19 0 11 1:31pm SW 30.03 96 16 41.5 47.4 2:52pm 36.0 7:26am 23 0 0.01 0 7 1:08pm NNW 30.06 94 17 41.7 48.0 2:02pm 34.7 7:49am 24 0 0.00 0 6 11:17am WSW 30.05 89 18 43.3 46.0 6:42pm 41.3 5:17am 21 0 0.20 0 6 10:10am ENE 30.07 94 19 43.2 51.3 1:44pm 36.8 11:53pm 22 0 0.01 0 8 2:58pm N 30.14 91 20 36.6 43.3 2:32pm 30.0 8:13am 28 0 0.00 0 10 11:51am WSW 30.32 92 21 36.0 42.1 4:06pm 30.4 10:03pm 27 0 0.00 0 6 8:10am SW 30.37 91 22 37.7 46.0 1:02pm 30.0 2:51am 27 0 0.09 0 7 7:25pm W 30.21 89 23 44.0 47.4 1:05pm 39.9 12:00am 21 0 0.95 0 3 12:37am N 29.91 97 24 40.1 44.6 1:18am 37.8 5:30pm 23 0 0.01 3 20 8:55am S 29.76 85 25 39.0 41.9 2:11pm 37.2 12:30am 26 0 0.06 1 14 2:09pm S 30.01 84 26 40.8 44.6 10:55pm 38.2 2:55am 24 0 0.13 0 5 10:55pm S 29.94 90 27 43.0 48.5 1:38pm 37.6 7:10am 22 0 0.01 1 17 10:42pm S 29.91 85 28 46.1 50.2 1:42pm 42.3 1:02am 19 0 0.59 1 12 2:44pm S 29.87 88 29 49.8 54.1 7:54pm 47.4 12:00am 15 0 1.38 1 10 5:09pm S 29.73 93 30 41.4 51.3 12:00am 38.6 8:15pm 24 0 0.24 4 28 1:10am S 29.74 82 31 38.8 42.5 1:33pm 37.0 7:35am 26 0 0.16 1 13 8:06pm S 29.90 84 --------------------------------------------------------------------------------------- TOT 39.4 56.3 1/13/04 18.1 1/4/04 826 0 5.73 1 28 1/30/04 S 30.00 84 HEAT BASE: 65.0 COOL BASE: 65.0