MONTHLY CLIMATOLOGICAL SUMMARY FOR 8/2003 HEAT COOL MEAN DEG DEG WIND SPEED DOM MEAN MEAN DAY TEMP HIGH TIME LOW TIME DAYS DAYS RAIN AVG HI TIME DIR BAROM HUM --------------------------------------------------------------------------------------- 1 63.6 76.7 6:57pm 54.2 7:08am 4 3 0.00 1 11 3:42pm SW 30.08 72 2 64.5 77.7 4:44pm 53.9 6:20am 4 3 0.00 1 11 9:27am NW 30.02 70 3 61.5 72.3 2:54pm 53.3 5:54am 5 1 0.00 2 12 4:11pm SW 30.04 77 4 65.4 82.0 7:05pm 54.1 5:22am 4 4 0.00 1 10 1:53pm NNW 30.02 63 5 61.9 71.6 4:52pm 52.0 5:34am 5 1 0.08 1 18 5:53pm SW 29.97 76 6 64.3 76.1 4:28pm 55.6 4:24am 4 3 0.00 1 12 4:33pm N 29.99 69 7 65.0 78.1 5:42pm 52.9 6:49am 4 4 0.00 1 12 10:43am N 30.02 67 8 65.1 75.8 6:28pm 55.9 5:19am 3 3 0.00 1 12 1:45pm NW 30.02 70 9 63.9 70.9 6:55pm 55.6 4:52am 3 2 0.00 1 13 1:49pm SW 30.05 79 10 62.5 75.8 6:52pm 56.5 5:34am 4 2 0.18 0 7 10:12pm WSW 30.11 81 11 63.0 74.2 3:28pm 52.2 6:22am 4 2 0.00 2 19 5:42pm WSW 30.12 74 12 62.3 75.3 4:29pm 49.5 6:41am 5 3 0.00 2 13 12:29pm N 30.09 70 13 63.3 78.8 4:59pm 47.9 6:20am 6 4 0.00 2 12 4:12pm NNW 30.11 65 14 66.6 85.9 4:21pm 48.5 5:37am 5 7 0.00 1 12 2:14pm NW 30.06 65 15 65.7 75.1 2:42pm 58.0 6:37am 2 3 0.00 2 20 3:12pm SW 30.06 73 16 64.7 76.1 5:22pm 58.7 7:42am 3 2 0.00 1 14 11:02am SW 30.18 74 17 68.3 81.6 4:22pm 59.3 2:08am 2 5 0.00 1 14 2:15pm N 30.10 66 18 67.7 82.4 5:45pm 54.8 6:30am 3 6 0.00 2 14 12:27pm N 30.03 70 19 65.6 77.4 5:58pm 53.6 7:05am 3 4 0.00 2 14 2:15pm WSW 30.02 68 20 63.8 80.9 4:52pm 47.4 7:04am 6 5 0.00 2 13 2:41pm NNW 30.09 66 21 67.4 84.7 5:04pm 51.6 4:58am 4 6 0.00 1 10 3:21pm W 29.91 60 22 62.4 72.0 5:21pm 52.5 6:21am 4 1 0.00 2 17 2:27pm SW 29.93 66 23 58.5 67.9 3:57pm 45.8 6:25am 7 0 0.00 2 14 11:23am N 30.10 63 24 60.2 78.6 5:14pm 44.5 5:09am 8 3 0.00 1 12 1:33pm N 30.12 59 25 67.1 85.1 4:31pm 49.9 7:08am 4 7 0.00 1 11 6:15pm SW 30.01 54 26 63.6 72.3 4:22pm 58.1 5:30am 3 1 0.04 1 12 3:23pm W 30.01 76 27 64.0 73.5 4:55pm 56.2 11:26pm 3 2 0.00 2 13 5:57pm N 30.06 68 28 62.9 78.6 5:09pm 48.2 7:05am 6 4 0.00 1 12 1:56pm NW 30.06 70 29 66.0 82.8 4:56pm 51.9 6:17am 4 5 0.00 1 12 3:06pm NNW 30.12 67 30 67.4 85.5 5:17pm 51.9 6:38am 4 6 0.00 1 11 3:47pm NNW 30.08 63 31 63.8 76.7 2:50pm 49.5 6:55am 5 4 0.00 2 17 4:20pm NNW 30.10 66 --------------------------------------------------------------------------------------- TOT 64.2 85.9 8/14/03 44.5 8/24/03 129 106 0.30 1 20 8/15/03 NNW 30.05 69 HEAT BASE: 65.0 COOL BASE: 65.0