MONTHLY CLIMATOLOGICAL SUMMARY FOR 6/2003 HEAT COOL MEAN DEG DEG WIND SPEED DOM MEAN MEAN DAY TEMP HIGH TIME LOW TIME DAYS DAYS RAIN AVG HI TIME DIR BAROM HUM --------------------------------------------------------------------------------------- 1 58.4 65.5 2:15pm 52.0 3:35am 7 67 0.00 7 255 9:19pm N 30.21 72 2 57.9 66.9 5:01pm 49.5 11:59pm 7 0 0.00 2 14 3:47pm N 30.26 63 3 58.2 72.0 4:16pm 42.5 5:04am 8 2 0.00 3 16 12:07pm N 30.16 66 4 64.0 79.4 6:00pm 47.7 6:07am 6 5 0.00 2 16 4:04pm N 30.12 62 5 69.5 85.1 5:38pm 51.0 6:02am 4 8 0.00 3 17 3:09pm N 30.02 57 6 72.5 89.7 5:04pm 55.9 5:49am 2 10 0.00 2 11 2:41pm NNW 29.93 58 7 73.5 88.6 2:28pm 56.2 5:54am 2 10 0.00 1 11 5:04pm SW 29.88 56 8 62.1 72.3 7:14pm 53.2 5:06am 4 1 0.00 1 11 10:45pm SW 29.88 74 9 58.1 62.4 5:41pm 54.1 5:08am 6 0 0.00 1 8 12:10pm SW 29.90 76 10 56.0 59.2 7:15pm 52.6 5:08am 9 0 0.03 1 11 11:44am SW 29.95 81 11 58.6 68.4 6:33pm 52.3 4:02am 6 0 0.00 1 10 7:09pm SW 29.98 76 12 56.6 61.5 6:28pm 50.4 12:56am 8 0 0.00 1 10 10:36am SW 29.88 83 13 54.8 59.8 3:10pm 51.9 11:48pm 10 0 0.42 0 12 9:18am SW 29.94 91 14 56.7 65.3 4:10pm 49.1 4:07am 8 0 0.01 1 11 4:12pm SW 30.14 76 15 60.8 71.8 5:30pm 49.6 5:56am 6 2 0.00 2 13 3:27pm NNW 30.20 67 16 62.8 78.3 6:01pm 45.5 5:25am 6 4 0.00 2 12 1:56pm NNW 30.14 66 17 67.4 86.7 5:02pm 51.4 5:07am 4 6 0.00 1 14 6:40pm SW 29.95 62 18 58.2 62.0 1:54pm 54.2 4:35am 7 0 0.01 1 10 6:28pm WSW 29.95 84 19 55.6 59.3 4:53pm 49.9 5:51am 9 0 0.00 1 13 12:41pm SW 29.89 70 20 54.9 60.2 6:19pm 51.0 7:38am 10 0 0.00 2 17 8:37pm SW 29.88 71 21 52.0 58.1 12:20pm 47.1 11:28pm 13 0 0.40 1 16 8:31am S 29.95 80 22 53.7 61.6 2:37pm 47.1 5:40am 11 0 0.02 1 13 4:29pm SW 30.00 82 23 55.1 62.9 4:13pm 48.9 5:40am 10 0 0.02 1 11 1:29pm N 30.05 77 24 58.6 71.5 5:40pm 46.0 2:40am 8 1 0.00 1 12 1:57pm N 30.18 72 25 62.3 77.0 3:57pm 45.8 5:52am 6 4 0.00 2 13 2:56pm NNW 30.27 67 26 67.0 81.8 3:58pm 51.3 5:28am 4 6 0.00 2 16 12:05pm NNW 30.23 68 27 68.4 79.8 4:37pm 57.0 5:49am 2 5 0.00 2 16 3:52pm N 30.12 64 28 70.6 86.1 5:17pm 51.6 6:03am 3 9 0.00 3 16 3:38pm N 29.98 52 29 66.3 80.7 2:09pm 54.8 5:52am 3 4 0.00 2 18 5:48pm W 29.76 71 30 61.9 67.3 5:23pm 56.3 11:40am 3 0 0.06 2 22 11:18am SW 30.00 68 --------------------------------------------------------------------------------------- TOT 61.1 89.7 6/6/03 42.5 6/3/03 192 144 0.97 2 255 6/1/03 SW 30.03 70 HEAT BASE: 65.0 COOL BASE: 65.0